{"id":4790,"date":"2024-05-03T10:39:45","date_gmt":"2024-05-03T15:39:45","guid":{"rendered":"https:\/\/tiendamarcial.com\/arnobysinam\/?post_type=product&#038;p=4790"},"modified":"2026-03-19T22:42:17","modified_gmt":"2026-03-20T03:42:17","slug":"llavero-cortapapel-espada-samurai","status":"publish","type":"product","link":"https:\/\/tiendamarcial.com\/arnobysinam\/producto\/llavero-cortapapel-espada-samurai\/","title":{"rendered":"Llavero cortapapel Espada Samurai"},"content":{"rendered":"<h4><strong>Llavero Cortapapel de Espada Samurai; Defensa y Elegancia en un Solo Producto<\/strong><\/h4>\n<p>Descubre la fusi\u00f3n perfecta entre funcionalidad y estilo con nuestro llavero cortapapel de Espada Samurai. No solo es un accesorio pr\u00e1ctico para tus llaves, sino tambi\u00e9n una pieza emblem\u00e1tica que evoca la esencia del antiguo Jap\u00f3n.<\/p>\n<h4><strong>Caracter\u00edsticas Destacadas:<\/strong><\/h4>\n<ul>\n<li><strong>Dise\u00f1o Fant\u00e1stico:<\/strong> Con un dise\u00f1o detallado que captura la majestuosidad de la legendaria Katana, este llavero a\u00f1ade un toque de elegancia a tu d\u00eda a d\u00eda.<\/li>\n<li><strong>Multiusos:<\/strong> M\u00e1s que un simple llavero, este accesorio cuenta con una hoja met\u00e1lica afilada que puede ser utilizada como cortapapel y, en situaciones de emergencia, como herramienta de defensa personal.<\/li>\n<li><strong>Compacto y Port\u00e1til:<\/strong> Con una longitud total de 15,5 cm y una espada de 15 cm, este llavero es lo suficientemente compacto para llevarlo contigo a donde vayas, asegurando que siempre est\u00e9s preparado.<\/li>\n<li><strong>Detalles de Calidad:<\/strong> Cada aspecto de este llavero, desde la hoja met\u00e1lica hasta el dise\u00f1o del mango, est\u00e1 cuidadosamente elaborado para garantizar durabilidad y autenticidad.<\/li>\n<li><strong>Decoraci\u00f3n:<\/strong> Vendemos la base que se adapta perfecto a esta Espada Cortapapel.<\/li>\n<\/ul>\n<p>A\u00f1ade un toque de sofisticaci\u00f3n a tu vida cotidiana y mantente protegido con nuestro Llavero Cortapapel Espada Samurai.<\/p>\n<p><strong>\u00a1Escoge el color favorito y hazte con el tuyo hoy mismo!<\/strong><\/p>\n<p>Para esta espada cortapapel recomendamos la siguiente base decorativa:<\/p>\n<p><a href=\"https:\/\/tiendamarcial.com\/arnobysinam\/producto\/base-para-espadas-cortapapel-pequena\/\"><span style=\"color: #3366ff;\"><strong>Base para espadas cortapapel \u2013 Peque\u00f1a<\/strong><\/span><\/a><\/p>\n","protected":false},"excerpt":{"rendered":"<div style=\"text-align: justify;\">\n<h4><strong>Llavero Cortapapel de Espada Samurai; Defensa y Elegancia en un Solo Producto<\/strong><\/h4>\n<p>Descubre la fusi\u00f3n perfecta entre funcionalidad y estilo con nuestro llavero cortapapel de Espada Samurai. No solo es un accesorio pr\u00e1ctico para tus llaves, sino tambi\u00e9n una pieza emblem\u00e1tica que evoca la esencia del antiguo Jap\u00f3n.<\/p>\n<\/div>\n","protected":false},"featured_media":4797,"template":"","meta":[],"product_brand":[],"product_cat":[140,124],"product_tag":[571,60,59,126,64],"class_list":{"0":"post-4790","1":"product","2":"type-product","3":"status-publish","4":"has-post-thumbnail","6":"product_cat-decoracion","7":"product_cat-llaveros","8":"product_tag-cortapapel","9":"product_tag-espada","10":"product_tag-katana","11":"product_tag-llavero","12":"product_tag-samurai","14":"first","15":"instock","16":"shipping-taxable","17":"purchasable","18":"product-type-variable"},"yoast_head":"<!-- This site is optimized with the Yoast SEO plugin v26.8 - https:\/\/yoast.com\/product\/yoast-seo-wordpress\/ -->\n<title>Llavero cortapapel Espada Samurai - Tienda Marcial Colombia<\/title>\n<meta name=\"description\" content=\"Llavero Cortapapel de Espada Samurai; Defensa y Elegancia en un Solo Producto. Descubre la fusi\u00f3n perfecta entre funcionalidad y estilo con nuestro llavero cortapapel de Espada Samurai. No solo es un accesorio pr\u00e1ctico para tus llaves, sino tambi\u00e9n una pieza emblem\u00e1tica que evoca la esencia del antiguo Jap\u00f3n.\" \/>\n<meta name=\"robots\" content=\"index, follow, max-snippet:-1, max-image-preview:large, max-video-preview:-1\" \/>\n<link rel=\"canonical\" href=\"https:\/\/tiendamarcial.com\/arnobysinam\/producto\/llavero-cortapapel-espada-samurai\/\" \/>\n<meta property=\"og:locale\" content=\"es_ES\" \/>\n<meta property=\"og:type\" content=\"article\" \/>\n<meta property=\"og:title\" content=\"Llavero cortapapel Espada Samurai - Tienda Marcial Colombia\" \/>\n<meta property=\"og:description\" content=\"Llavero Cortapapel de Espada Samurai; Defensa y Elegancia en un Solo Producto. Descubre la fusi\u00f3n perfecta entre funcionalidad y estilo con nuestro llavero cortapapel de Espada Samurai. No solo es un accesorio pr\u00e1ctico para tus llaves, sino tambi\u00e9n una pieza emblem\u00e1tica que evoca la esencia del antiguo Jap\u00f3n.\" \/>\n<meta property=\"og:url\" content=\"https:\/\/tiendamarcial.com\/arnobysinam\/producto\/llavero-cortapapel-espada-samurai\/\" \/>\n<meta property=\"og:site_name\" content=\"Tienda Marcial Colombia\" \/>\n<meta property=\"article:publisher\" content=\"https:\/\/www.facebook.com\/TiendaMarcial\" \/>\n<meta property=\"article:modified_time\" content=\"2026-03-20T03:42:17+00:00\" \/>\n<meta property=\"og:image\" content=\"https:\/\/tiendamarcial.com\/arnobysinam\/wp-content\/uploads\/2024\/05\/LLVR215-espada-katana-bleach-rukia-anime-manga-samurai-llavero-tienda-marcial-colombia-arnoby-sinam.jpg\" \/>\n\t<meta property=\"og:image:width\" content=\"600\" \/>\n\t<meta property=\"og:image:height\" content=\"600\" \/>\n\t<meta property=\"og:image:type\" content=\"image\/jpeg\" \/>\n<meta name=\"twitter:card\" content=\"summary_large_image\" \/>\n<meta name=\"twitter:site\" content=\"@TiendaMarcial\" \/>\n<meta name=\"twitter:label1\" content=\"Tiempo de lectura\" \/>\n\t<meta name=\"twitter:data1\" content=\"2 minutos\" \/>\n<script type=\"application\/ld+json\" class=\"yoast-schema-graph\">{\"@context\":\"https:\/\/schema.org\",\"@graph\":[{\"@type\":\"WebPage\",\"@id\":\"https:\/\/tiendamarcial.com\/arnobysinam\/producto\/llavero-cortapapel-espada-samurai\/\",\"url\":\"https:\/\/tiendamarcial.com\/arnobysinam\/producto\/llavero-cortapapel-espada-samurai\/\",\"name\":\"Llavero cortapapel Espada Samurai - Tienda Marcial Colombia\",\"isPartOf\":{\"@id\":\"https:\/\/tiendamarcial.com\/arnobysinam\/#website\"},\"primaryImageOfPage\":{\"@id\":\"https:\/\/tiendamarcial.com\/arnobysinam\/producto\/llavero-cortapapel-espada-samurai\/#primaryimage\"},\"image\":{\"@id\":\"https:\/\/tiendamarcial.com\/arnobysinam\/producto\/llavero-cortapapel-espada-samurai\/#primaryimage\"},\"thumbnailUrl\":\"https:\/\/tiendamarcial.com\/arnobysinam\/wp-content\/uploads\/2024\/05\/LLVR215-espada-katana-bleach-rukia-anime-manga-samurai-llavero-tienda-marcial-colombia-arnoby-sinam.jpg\",\"datePublished\":\"2024-05-03T15:39:45+00:00\",\"dateModified\":\"2026-03-20T03:42:17+00:00\",\"description\":\"Llavero Cortapapel de Espada Samurai; Defensa y Elegancia en un Solo Producto. Descubre la fusi\u00f3n perfecta entre funcionalidad y estilo con nuestro llavero cortapapel de Espada Samurai. No solo es un accesorio pr\u00e1ctico para tus llaves, sino tambi\u00e9n una pieza emblem\u00e1tica que evoca la esencia del antiguo Jap\u00f3n.\",\"breadcrumb\":{\"@id\":\"https:\/\/tiendamarcial.com\/arnobysinam\/producto\/llavero-cortapapel-espada-samurai\/#breadcrumb\"},\"inLanguage\":\"es\",\"potentialAction\":[{\"@type\":\"ReadAction\",\"target\":[\"https:\/\/tiendamarcial.com\/arnobysinam\/producto\/llavero-cortapapel-espada-samurai\/\"]}]},{\"@type\":\"ImageObject\",\"inLanguage\":\"es\",\"@id\":\"https:\/\/tiendamarcial.com\/arnobysinam\/producto\/llavero-cortapapel-espada-samurai\/#primaryimage\",\"url\":\"https:\/\/tiendamarcial.com\/arnobysinam\/wp-content\/uploads\/2024\/05\/LLVR215-espada-katana-bleach-rukia-anime-manga-samurai-llavero-tienda-marcial-colombia-arnoby-sinam.jpg\",\"contentUrl\":\"https:\/\/tiendamarcial.com\/arnobysinam\/wp-content\/uploads\/2024\/05\/LLVR215-espada-katana-bleach-rukia-anime-manga-samurai-llavero-tienda-marcial-colombia-arnoby-sinam.jpg\",\"width\":600,\"height\":600,\"caption\":\"Llavero cortapapel espada Samurai, katana decorativa\"},{\"@type\":\"BreadcrumbList\",\"@id\":\"https:\/\/tiendamarcial.com\/arnobysinam\/producto\/llavero-cortapapel-espada-samurai\/#breadcrumb\",\"itemListElement\":[{\"@type\":\"ListItem\",\"position\":1,\"name\":\"Portada\",\"item\":\"https:\/\/tiendamarcial.com\/arnobysinam\/\"},{\"@type\":\"ListItem\",\"position\":2,\"name\":\"Tienda\",\"item\":\"https:\/\/tiendamarcial.com\/arnobysinam\/tienda\/\"},{\"@type\":\"ListItem\",\"position\":3,\"name\":\"Llavero cortapapel Espada Samurai\"}]},{\"@type\":\"WebSite\",\"@id\":\"https:\/\/tiendamarcial.com\/arnobysinam\/#website\",\"url\":\"https:\/\/tiendamarcial.com\/arnobysinam\/\",\"name\":\"Tienda Marcial Colombia\",\"description\":\"Todo en implementos para Artes Marciales\",\"potentialAction\":[{\"@type\":\"SearchAction\",\"target\":{\"@type\":\"EntryPoint\",\"urlTemplate\":\"https:\/\/tiendamarcial.com\/arnobysinam\/?s={search_term_string}\"},\"query-input\":{\"@type\":\"PropertyValueSpecification\",\"valueRequired\":true,\"valueName\":\"search_term_string\"}}],\"inLanguage\":\"es\"}]}<\/script>\n<!-- \/ Yoast SEO plugin. -->","yoast_head_json":{"title":"Llavero cortapapel Espada Samurai - Tienda Marcial Colombia","description":"Llavero Cortapapel de Espada Samurai; Defensa y Elegancia en un Solo Producto. Descubre la fusi\u00f3n perfecta entre funcionalidad y estilo con nuestro llavero cortapapel de Espada Samurai. No solo es un accesorio pr\u00e1ctico para tus llaves, sino tambi\u00e9n una pieza emblem\u00e1tica que evoca la esencia del antiguo Jap\u00f3n.","robots":{"index":"index","follow":"follow","max-snippet":"max-snippet:-1","max-image-preview":"max-image-preview:large","max-video-preview":"max-video-preview:-1"},"canonical":"https:\/\/tiendamarcial.com\/arnobysinam\/producto\/llavero-cortapapel-espada-samurai\/","og_locale":"es_ES","og_type":"article","og_title":"Llavero cortapapel Espada Samurai - Tienda Marcial Colombia","og_description":"Llavero Cortapapel de Espada Samurai; Defensa y Elegancia en un Solo Producto. Descubre la fusi\u00f3n perfecta entre funcionalidad y estilo con nuestro llavero cortapapel de Espada Samurai. No solo es un accesorio pr\u00e1ctico para tus llaves, sino tambi\u00e9n una pieza emblem\u00e1tica que evoca la esencia del antiguo Jap\u00f3n.","og_url":"https:\/\/tiendamarcial.com\/arnobysinam\/producto\/llavero-cortapapel-espada-samurai\/","og_site_name":"Tienda Marcial Colombia","article_publisher":"https:\/\/www.facebook.com\/TiendaMarcial","article_modified_time":"2026-03-20T03:42:17+00:00","og_image":[{"width":600,"height":600,"url":"https:\/\/tiendamarcial.com\/arnobysinam\/wp-content\/uploads\/2024\/05\/LLVR215-espada-katana-bleach-rukia-anime-manga-samurai-llavero-tienda-marcial-colombia-arnoby-sinam.jpg","type":"image\/jpeg"}],"twitter_card":"summary_large_image","twitter_site":"@TiendaMarcial","twitter_misc":{"Tiempo de lectura":"2 minutos"},"schema":{"@context":"https:\/\/schema.org","@graph":[{"@type":"WebPage","@id":"https:\/\/tiendamarcial.com\/arnobysinam\/producto\/llavero-cortapapel-espada-samurai\/","url":"https:\/\/tiendamarcial.com\/arnobysinam\/producto\/llavero-cortapapel-espada-samurai\/","name":"Llavero cortapapel Espada Samurai - Tienda Marcial Colombia","isPartOf":{"@id":"https:\/\/tiendamarcial.com\/arnobysinam\/#website"},"primaryImageOfPage":{"@id":"https:\/\/tiendamarcial.com\/arnobysinam\/producto\/llavero-cortapapel-espada-samurai\/#primaryimage"},"image":{"@id":"https:\/\/tiendamarcial.com\/arnobysinam\/producto\/llavero-cortapapel-espada-samurai\/#primaryimage"},"thumbnailUrl":"https:\/\/tiendamarcial.com\/arnobysinam\/wp-content\/uploads\/2024\/05\/LLVR215-espada-katana-bleach-rukia-anime-manga-samurai-llavero-tienda-marcial-colombia-arnoby-sinam.jpg","datePublished":"2024-05-03T15:39:45+00:00","dateModified":"2026-03-20T03:42:17+00:00","description":"Llavero Cortapapel de Espada Samurai; Defensa y Elegancia en un Solo Producto. Descubre la fusi\u00f3n perfecta entre funcionalidad y estilo con nuestro llavero cortapapel de Espada Samurai. No solo es un accesorio pr\u00e1ctico para tus llaves, sino tambi\u00e9n una pieza emblem\u00e1tica que evoca la esencia del antiguo Jap\u00f3n.","breadcrumb":{"@id":"https:\/\/tiendamarcial.com\/arnobysinam\/producto\/llavero-cortapapel-espada-samurai\/#breadcrumb"},"inLanguage":"es","potentialAction":[{"@type":"ReadAction","target":["https:\/\/tiendamarcial.com\/arnobysinam\/producto\/llavero-cortapapel-espada-samurai\/"]}]},{"@type":"ImageObject","inLanguage":"es","@id":"https:\/\/tiendamarcial.com\/arnobysinam\/producto\/llavero-cortapapel-espada-samurai\/#primaryimage","url":"https:\/\/tiendamarcial.com\/arnobysinam\/wp-content\/uploads\/2024\/05\/LLVR215-espada-katana-bleach-rukia-anime-manga-samurai-llavero-tienda-marcial-colombia-arnoby-sinam.jpg","contentUrl":"https:\/\/tiendamarcial.com\/arnobysinam\/wp-content\/uploads\/2024\/05\/LLVR215-espada-katana-bleach-rukia-anime-manga-samurai-llavero-tienda-marcial-colombia-arnoby-sinam.jpg","width":600,"height":600,"caption":"Llavero cortapapel espada Samurai, katana decorativa"},{"@type":"BreadcrumbList","@id":"https:\/\/tiendamarcial.com\/arnobysinam\/producto\/llavero-cortapapel-espada-samurai\/#breadcrumb","itemListElement":[{"@type":"ListItem","position":1,"name":"Portada","item":"https:\/\/tiendamarcial.com\/arnobysinam\/"},{"@type":"ListItem","position":2,"name":"Tienda","item":"https:\/\/tiendamarcial.com\/arnobysinam\/tienda\/"},{"@type":"ListItem","position":3,"name":"Llavero cortapapel Espada Samurai"}]},{"@type":"WebSite","@id":"https:\/\/tiendamarcial.com\/arnobysinam\/#website","url":"https:\/\/tiendamarcial.com\/arnobysinam\/","name":"Tienda Marcial Colombia","description":"Todo en implementos para Artes Marciales","potentialAction":[{"@type":"SearchAction","target":{"@type":"EntryPoint","urlTemplate":"https:\/\/tiendamarcial.com\/arnobysinam\/?s={search_term_string}"},"query-input":{"@type":"PropertyValueSpecification","valueRequired":true,"valueName":"search_term_string"}}],"inLanguage":"es"}]}},"_links":{"self":[{"href":"https:\/\/tiendamarcial.com\/arnobysinam\/wp-json\/wp\/v2\/product\/4790","targetHints":{"allow":["GET"]}}],"collection":[{"href":"https:\/\/tiendamarcial.com\/arnobysinam\/wp-json\/wp\/v2\/product"}],"about":[{"href":"https:\/\/tiendamarcial.com\/arnobysinam\/wp-json\/wp\/v2\/types\/product"}],"version-history":[{"count":6,"href":"https:\/\/tiendamarcial.com\/arnobysinam\/wp-json\/wp\/v2\/product\/4790\/revisions"}],"predecessor-version":[{"id":5103,"href":"https:\/\/tiendamarcial.com\/arnobysinam\/wp-json\/wp\/v2\/product\/4790\/revisions\/5103"}],"wp:featuredmedia":[{"embeddable":true,"href":"https:\/\/tiendamarcial.com\/arnobysinam\/wp-json\/wp\/v2\/media\/4797"}],"wp:attachment":[{"href":"https:\/\/tiendamarcial.com\/arnobysinam\/wp-json\/wp\/v2\/media?parent=4790"}],"wp:term":[{"taxonomy":"product_brand","embeddable":true,"href":"https:\/\/tiendamarcial.com\/arnobysinam\/wp-json\/wp\/v2\/product_brand?post=4790"},{"taxonomy":"product_cat","embeddable":true,"href":"https:\/\/tiendamarcial.com\/arnobysinam\/wp-json\/wp\/v2\/product_cat?post=4790"},{"taxonomy":"product_tag","embeddable":true,"href":"https:\/\/tiendamarcial.com\/arnobysinam\/wp-json\/wp\/v2\/product_tag?post=4790"}],"curies":[{"name":"wp","href":"https:\/\/api.w.org\/{rel}","templated":true}]}}