{"id":4272,"date":"2024-03-11T13:35:19","date_gmt":"2024-03-11T18:35:19","guid":{"rendered":"https:\/\/tiendamarcial.com\/arnobysinam\/?post_type=product&#038;p=4272"},"modified":"2026-01-14T10:42:31","modified_gmt":"2026-01-14T15:42:31","slug":"shuriken-acero-tatsumaki-5-puntas-plateado","status":"publish","type":"product","link":"https:\/\/tiendamarcial.com\/arnobysinam\/producto\/shuriken-acero-tatsumaki-5-puntas-plateado\/","title":{"rendered":"Shuriken acero Tatsumaki 5 puntas &#8211; Plateado"},"content":{"rendered":"<div>\n<p>El shuriken es el arma m\u00e1s popular usada por los Ninja. Es una pieza en metal que se esconde en las manos para ser lanzada al enemigo. Generalmente van impregnados con veneno en sus puntas para causar m\u00e1s da\u00f1o, incluso la muerte.<\/p>\n<p>Este hermoso Shuriken de 5 puntas est\u00e1 fabricado en acero Stainless Steel con un filo extremo en sus puntas.<\/p>\n<p><strong>Medidas:<\/strong><\/p>\n<p><strong>Di\u00e1metro total:<\/strong> 10 cent\u00edmetros c\/u<br \/>\n<strong>Longitud de la hoja:<\/strong> 4 cent\u00edmetros c\/u<br \/>\n<strong>Grueso:<\/strong>\u00a03 mil\u00edmetros<br \/>\n<strong>Material de la estrella:<\/strong>\u00a0Acero inoxidable 440<br \/>\n<strong>Incluye:<\/strong>\u00a0Estuche negro de nylon para ajustar a la correa<\/p>\n<\/div>\n","protected":false},"excerpt":{"rendered":"<p>El shuriken es el arma m\u00e1s popular usada por los Ninja. Es una pieza en metal que se esconde en las manos para ser lanzada al enemigo. Generalmente van impregnados con veneno en sus puntas para causar m\u00e1s da\u00f1o, incluso la muerte.\u00a0Este hermoso Shuriken de 5 puntas est\u00e1 fabricado en acero Stainless Steel con un filo extremo en sus puntas.<\/p>\n","protected":false},"featured_media":4274,"template":"","meta":[],"product_brand":[],"product_cat":[334],"product_tag":[335,336,47,46,283,504],"class_list":{"0":"post-4272","1":"product","2":"type-product","3":"status-publish","4":"has-post-thumbnail","6":"product_cat-shuriken","7":"product_tag-acero","8":"product_tag-kohga","9":"product_tag-ninja","10":"product_tag-ninjutsu","11":"product_tag-shuriken","12":"product_tag-tatsumaki","14":"first","15":"instock","16":"sale","17":"shipping-taxable","18":"purchasable","19":"product-type-simple"},"yoast_head":"<!-- This site is optimized with the Yoast SEO plugin v26.8 - https:\/\/yoast.com\/product\/yoast-seo-wordpress\/ -->\n<title>Shuriken acero Tatsumaki 5 puntas - Plateado - Tienda Marcial Colombia<\/title>\n<meta name=\"description\" content=\"El shuriken es el arma m\u00e1s popular usada por los Ninja. Es una pieza en metal que se esconde en las manos para ser lanzada al enemigo. Generalmente van impregnados con veneno en sus puntas para causar m\u00e1s da\u00f1o, incluso la muerte. Este hermoso Shuriken de 5 puntas est\u00e1 fabricado en acero Stainless Steel con un filo extremo en sus puntas.\" \/>\n<meta name=\"robots\" content=\"index, follow, max-snippet:-1, max-image-preview:large, max-video-preview:-1\" \/>\n<link rel=\"canonical\" href=\"https:\/\/tiendamarcial.com\/arnobysinam\/producto\/shuriken-acero-tatsumaki-5-puntas-plateado\/\" \/>\n<meta property=\"og:locale\" content=\"es_ES\" \/>\n<meta property=\"og:type\" content=\"article\" \/>\n<meta property=\"og:title\" content=\"Shuriken acero Tatsumaki 5 puntas - Plateado - Tienda Marcial Colombia\" \/>\n<meta property=\"og:description\" content=\"El shuriken es el arma m\u00e1s popular usada por los Ninja. Es una pieza en metal que se esconde en las manos para ser lanzada al enemigo. Generalmente van impregnados con veneno en sus puntas para causar m\u00e1s da\u00f1o, incluso la muerte. Este hermoso Shuriken de 5 puntas est\u00e1 fabricado en acero Stainless Steel con un filo extremo en sus puntas.\" \/>\n<meta property=\"og:url\" content=\"https:\/\/tiendamarcial.com\/arnobysinam\/producto\/shuriken-acero-tatsumaki-5-puntas-plateado\/\" \/>\n<meta property=\"og:site_name\" content=\"Tienda Marcial Colombia\" \/>\n<meta property=\"article:publisher\" content=\"https:\/\/www.facebook.com\/TiendaMarcial\" \/>\n<meta property=\"article:modified_time\" content=\"2026-01-14T15:42:31+00:00\" \/>\n<meta property=\"og:image\" content=\"https:\/\/tiendamarcial.com\/arnobysinam\/wp-content\/uploads\/2024\/03\/ARSH010-ninja-shuriken-estrella-bujinkan-colombia-tienda-marcial-koga-iga-kohga-arnoby-sinam.jpg\" \/>\n\t<meta property=\"og:image:width\" content=\"600\" \/>\n\t<meta property=\"og:image:height\" content=\"600\" \/>\n\t<meta property=\"og:image:type\" content=\"image\/jpeg\" \/>\n<meta name=\"twitter:card\" content=\"summary_large_image\" \/>\n<meta name=\"twitter:site\" content=\"@TiendaMarcial\" \/>\n<meta name=\"twitter:label1\" content=\"Tiempo de lectura\" \/>\n\t<meta name=\"twitter:data1\" content=\"1 minuto\" \/>\n<script type=\"application\/ld+json\" class=\"yoast-schema-graph\">{\"@context\":\"https:\/\/schema.org\",\"@graph\":[{\"@type\":\"WebPage\",\"@id\":\"https:\/\/tiendamarcial.com\/arnobysinam\/producto\/shuriken-acero-tatsumaki-5-puntas-plateado\/\",\"url\":\"https:\/\/tiendamarcial.com\/arnobysinam\/producto\/shuriken-acero-tatsumaki-5-puntas-plateado\/\",\"name\":\"Shuriken acero Tatsumaki 5 puntas - Plateado - Tienda Marcial Colombia\",\"isPartOf\":{\"@id\":\"https:\/\/tiendamarcial.com\/arnobysinam\/#website\"},\"primaryImageOfPage\":{\"@id\":\"https:\/\/tiendamarcial.com\/arnobysinam\/producto\/shuriken-acero-tatsumaki-5-puntas-plateado\/#primaryimage\"},\"image\":{\"@id\":\"https:\/\/tiendamarcial.com\/arnobysinam\/producto\/shuriken-acero-tatsumaki-5-puntas-plateado\/#primaryimage\"},\"thumbnailUrl\":\"https:\/\/tiendamarcial.com\/arnobysinam\/wp-content\/uploads\/2024\/03\/ARSH010-ninja-shuriken-estrella-bujinkan-colombia-tienda-marcial-koga-iga-kohga-arnoby-sinam.jpg\",\"datePublished\":\"2024-03-11T18:35:19+00:00\",\"dateModified\":\"2026-01-14T15:42:31+00:00\",\"description\":\"El shuriken es el arma m\u00e1s popular usada por los Ninja. Es una pieza en metal que se esconde en las manos para ser lanzada al enemigo. Generalmente van impregnados con veneno en sus puntas para causar m\u00e1s da\u00f1o, incluso la muerte. Este hermoso Shuriken de 5 puntas est\u00e1 fabricado en acero Stainless Steel con un filo extremo en sus puntas.\",\"breadcrumb\":{\"@id\":\"https:\/\/tiendamarcial.com\/arnobysinam\/producto\/shuriken-acero-tatsumaki-5-puntas-plateado\/#breadcrumb\"},\"inLanguage\":\"es\",\"potentialAction\":[{\"@type\":\"ReadAction\",\"target\":[\"https:\/\/tiendamarcial.com\/arnobysinam\/producto\/shuriken-acero-tatsumaki-5-puntas-plateado\/\"]}]},{\"@type\":\"ImageObject\",\"inLanguage\":\"es\",\"@id\":\"https:\/\/tiendamarcial.com\/arnobysinam\/producto\/shuriken-acero-tatsumaki-5-puntas-plateado\/#primaryimage\",\"url\":\"https:\/\/tiendamarcial.com\/arnobysinam\/wp-content\/uploads\/2024\/03\/ARSH010-ninja-shuriken-estrella-bujinkan-colombia-tienda-marcial-koga-iga-kohga-arnoby-sinam.jpg\",\"contentUrl\":\"https:\/\/tiendamarcial.com\/arnobysinam\/wp-content\/uploads\/2024\/03\/ARSH010-ninja-shuriken-estrella-bujinkan-colombia-tienda-marcial-koga-iga-kohga-arnoby-sinam.jpg\",\"width\":600,\"height\":600,\"caption\":\"Shuriken Tatsumaki de 5 puntas Plateado - Estrella Ninja\"},{\"@type\":\"BreadcrumbList\",\"@id\":\"https:\/\/tiendamarcial.com\/arnobysinam\/producto\/shuriken-acero-tatsumaki-5-puntas-plateado\/#breadcrumb\",\"itemListElement\":[{\"@type\":\"ListItem\",\"position\":1,\"name\":\"Portada\",\"item\":\"https:\/\/tiendamarcial.com\/arnobysinam\/\"},{\"@type\":\"ListItem\",\"position\":2,\"name\":\"Tienda\",\"item\":\"https:\/\/tiendamarcial.com\/arnobysinam\/tienda\/\"},{\"@type\":\"ListItem\",\"position\":3,\"name\":\"Shuriken acero Tatsumaki 5 puntas &#8211; Plateado\"}]},{\"@type\":\"WebSite\",\"@id\":\"https:\/\/tiendamarcial.com\/arnobysinam\/#website\",\"url\":\"https:\/\/tiendamarcial.com\/arnobysinam\/\",\"name\":\"Tienda Marcial Colombia\",\"description\":\"Todo en implementos para Artes Marciales\",\"potentialAction\":[{\"@type\":\"SearchAction\",\"target\":{\"@type\":\"EntryPoint\",\"urlTemplate\":\"https:\/\/tiendamarcial.com\/arnobysinam\/?s={search_term_string}\"},\"query-input\":{\"@type\":\"PropertyValueSpecification\",\"valueRequired\":true,\"valueName\":\"search_term_string\"}}],\"inLanguage\":\"es\"}]}<\/script>\n<!-- \/ Yoast SEO plugin. -->","yoast_head_json":{"title":"Shuriken acero Tatsumaki 5 puntas - Plateado - Tienda Marcial Colombia","description":"El shuriken es el arma m\u00e1s popular usada por los Ninja. Es una pieza en metal que se esconde en las manos para ser lanzada al enemigo. Generalmente van impregnados con veneno en sus puntas para causar m\u00e1s da\u00f1o, incluso la muerte. Este hermoso Shuriken de 5 puntas est\u00e1 fabricado en acero Stainless Steel con un filo extremo en sus puntas.","robots":{"index":"index","follow":"follow","max-snippet":"max-snippet:-1","max-image-preview":"max-image-preview:large","max-video-preview":"max-video-preview:-1"},"canonical":"https:\/\/tiendamarcial.com\/arnobysinam\/producto\/shuriken-acero-tatsumaki-5-puntas-plateado\/","og_locale":"es_ES","og_type":"article","og_title":"Shuriken acero Tatsumaki 5 puntas - Plateado - Tienda Marcial Colombia","og_description":"El shuriken es el arma m\u00e1s popular usada por los Ninja. Es una pieza en metal que se esconde en las manos para ser lanzada al enemigo. Generalmente van impregnados con veneno en sus puntas para causar m\u00e1s da\u00f1o, incluso la muerte. Este hermoso Shuriken de 5 puntas est\u00e1 fabricado en acero Stainless Steel con un filo extremo en sus puntas.","og_url":"https:\/\/tiendamarcial.com\/arnobysinam\/producto\/shuriken-acero-tatsumaki-5-puntas-plateado\/","og_site_name":"Tienda Marcial Colombia","article_publisher":"https:\/\/www.facebook.com\/TiendaMarcial","article_modified_time":"2026-01-14T15:42:31+00:00","og_image":[{"width":600,"height":600,"url":"https:\/\/tiendamarcial.com\/arnobysinam\/wp-content\/uploads\/2024\/03\/ARSH010-ninja-shuriken-estrella-bujinkan-colombia-tienda-marcial-koga-iga-kohga-arnoby-sinam.jpg","type":"image\/jpeg"}],"twitter_card":"summary_large_image","twitter_site":"@TiendaMarcial","twitter_misc":{"Tiempo de lectura":"1 minuto"},"schema":{"@context":"https:\/\/schema.org","@graph":[{"@type":"WebPage","@id":"https:\/\/tiendamarcial.com\/arnobysinam\/producto\/shuriken-acero-tatsumaki-5-puntas-plateado\/","url":"https:\/\/tiendamarcial.com\/arnobysinam\/producto\/shuriken-acero-tatsumaki-5-puntas-plateado\/","name":"Shuriken acero Tatsumaki 5 puntas - Plateado - Tienda Marcial Colombia","isPartOf":{"@id":"https:\/\/tiendamarcial.com\/arnobysinam\/#website"},"primaryImageOfPage":{"@id":"https:\/\/tiendamarcial.com\/arnobysinam\/producto\/shuriken-acero-tatsumaki-5-puntas-plateado\/#primaryimage"},"image":{"@id":"https:\/\/tiendamarcial.com\/arnobysinam\/producto\/shuriken-acero-tatsumaki-5-puntas-plateado\/#primaryimage"},"thumbnailUrl":"https:\/\/tiendamarcial.com\/arnobysinam\/wp-content\/uploads\/2024\/03\/ARSH010-ninja-shuriken-estrella-bujinkan-colombia-tienda-marcial-koga-iga-kohga-arnoby-sinam.jpg","datePublished":"2024-03-11T18:35:19+00:00","dateModified":"2026-01-14T15:42:31+00:00","description":"El shuriken es el arma m\u00e1s popular usada por los Ninja. Es una pieza en metal que se esconde en las manos para ser lanzada al enemigo. Generalmente van impregnados con veneno en sus puntas para causar m\u00e1s da\u00f1o, incluso la muerte. Este hermoso Shuriken de 5 puntas est\u00e1 fabricado en acero Stainless Steel con un filo extremo en sus puntas.","breadcrumb":{"@id":"https:\/\/tiendamarcial.com\/arnobysinam\/producto\/shuriken-acero-tatsumaki-5-puntas-plateado\/#breadcrumb"},"inLanguage":"es","potentialAction":[{"@type":"ReadAction","target":["https:\/\/tiendamarcial.com\/arnobysinam\/producto\/shuriken-acero-tatsumaki-5-puntas-plateado\/"]}]},{"@type":"ImageObject","inLanguage":"es","@id":"https:\/\/tiendamarcial.com\/arnobysinam\/producto\/shuriken-acero-tatsumaki-5-puntas-plateado\/#primaryimage","url":"https:\/\/tiendamarcial.com\/arnobysinam\/wp-content\/uploads\/2024\/03\/ARSH010-ninja-shuriken-estrella-bujinkan-colombia-tienda-marcial-koga-iga-kohga-arnoby-sinam.jpg","contentUrl":"https:\/\/tiendamarcial.com\/arnobysinam\/wp-content\/uploads\/2024\/03\/ARSH010-ninja-shuriken-estrella-bujinkan-colombia-tienda-marcial-koga-iga-kohga-arnoby-sinam.jpg","width":600,"height":600,"caption":"Shuriken Tatsumaki de 5 puntas Plateado - Estrella Ninja"},{"@type":"BreadcrumbList","@id":"https:\/\/tiendamarcial.com\/arnobysinam\/producto\/shuriken-acero-tatsumaki-5-puntas-plateado\/#breadcrumb","itemListElement":[{"@type":"ListItem","position":1,"name":"Portada","item":"https:\/\/tiendamarcial.com\/arnobysinam\/"},{"@type":"ListItem","position":2,"name":"Tienda","item":"https:\/\/tiendamarcial.com\/arnobysinam\/tienda\/"},{"@type":"ListItem","position":3,"name":"Shuriken acero Tatsumaki 5 puntas &#8211; Plateado"}]},{"@type":"WebSite","@id":"https:\/\/tiendamarcial.com\/arnobysinam\/#website","url":"https:\/\/tiendamarcial.com\/arnobysinam\/","name":"Tienda Marcial Colombia","description":"Todo en implementos para Artes Marciales","potentialAction":[{"@type":"SearchAction","target":{"@type":"EntryPoint","urlTemplate":"https:\/\/tiendamarcial.com\/arnobysinam\/?s={search_term_string}"},"query-input":{"@type":"PropertyValueSpecification","valueRequired":true,"valueName":"search_term_string"}}],"inLanguage":"es"}]}},"_links":{"self":[{"href":"https:\/\/tiendamarcial.com\/arnobysinam\/wp-json\/wp\/v2\/product\/4272","targetHints":{"allow":["GET"]}}],"collection":[{"href":"https:\/\/tiendamarcial.com\/arnobysinam\/wp-json\/wp\/v2\/product"}],"about":[{"href":"https:\/\/tiendamarcial.com\/arnobysinam\/wp-json\/wp\/v2\/types\/product"}],"version-history":[{"count":2,"href":"https:\/\/tiendamarcial.com\/arnobysinam\/wp-json\/wp\/v2\/product\/4272\/revisions"}],"predecessor-version":[{"id":4275,"href":"https:\/\/tiendamarcial.com\/arnobysinam\/wp-json\/wp\/v2\/product\/4272\/revisions\/4275"}],"wp:featuredmedia":[{"embeddable":true,"href":"https:\/\/tiendamarcial.com\/arnobysinam\/wp-json\/wp\/v2\/media\/4274"}],"wp:attachment":[{"href":"https:\/\/tiendamarcial.com\/arnobysinam\/wp-json\/wp\/v2\/media?parent=4272"}],"wp:term":[{"taxonomy":"product_brand","embeddable":true,"href":"https:\/\/tiendamarcial.com\/arnobysinam\/wp-json\/wp\/v2\/product_brand?post=4272"},{"taxonomy":"product_cat","embeddable":true,"href":"https:\/\/tiendamarcial.com\/arnobysinam\/wp-json\/wp\/v2\/product_cat?post=4272"},{"taxonomy":"product_tag","embeddable":true,"href":"https:\/\/tiendamarcial.com\/arnobysinam\/wp-json\/wp\/v2\/product_tag?post=4272"}],"curies":[{"name":"wp","href":"https:\/\/api.w.org\/{rel}","templated":true}]}}