{"id":3991,"date":"2023-12-20T13:17:35","date_gmt":"2023-12-20T18:17:35","guid":{"rendered":"https:\/\/tiendamarcial.com\/arnobysinam\/?post_type=product&#038;p=3991"},"modified":"2026-04-14T21:19:45","modified_gmt":"2026-04-15T02:19:45","slug":"gorra-dragon-blanca","status":"publish","type":"product","link":"https:\/\/tiendamarcial.com\/arnobysinam\/producto\/gorra-dragon-blanca\/","title":{"rendered":"Gorra Drag\u00f3n &#8211; Blanca"},"content":{"rendered":"<p>Descubre el toque de estilo que tu outfit necesita con nuestra gorra de Drag\u00f3n estampado. Esta pieza esencial combina a la perfecci\u00f3n moda y funcionalidad, convirti\u00e9ndola en tu mejor aliada sin importar la ocasi\u00f3n.<\/p>\n<p>Fabricada con algod\u00f3n suave y transpirable, esta gorra garantiza comodidad absoluta durante todo el d\u00eda. Su cierre trasero ajustable ofrece un ajuste perfecto para todas las tallas de cabeza, asegurando confort y seguridad en cada momento.<\/p>\n<p>Adem\u00e1s de su estilo \u00fanico, esta gorra brinda protecci\u00f3n solar, manteniendo tu piel a salvo y tu visi\u00f3n despejada en todas tus actividades al aire libre.<\/p>\n<p>\u00bfBuscas el regalo ideal? Con un dise\u00f1o oriental, esta gorra es el obsequio perfecto para amigos y seres queridos en ocasiones especiales como cumplea\u00f1os, aniversarios o celebraciones de temporada.<\/p>\n<p>No dejes escapar la oportunidad de a\u00f1adir este accesorio imprescindible a tu colecci\u00f3n.<\/p>\n<p><strong>\u00a1Hazte con tu gorra de drag\u00f3n y marca tendencia en cada aventura!<\/strong><\/p>\n","protected":false},"excerpt":{"rendered":"<p>Descubre el toque de estilo que tu outfit necesita con nuestra gorra de Drag\u00f3n estampado. Esta pieza esencial combina a la perfecci\u00f3n moda y funcionalidad, convirti\u00e9ndola en tu mejor aliada sin importar la ocasi\u00f3n.<\/p>\n<p>Fabricada con algod\u00f3n suave y transpirable, esta gorra garantiza comodidad absoluta durante todo el d\u00eda. Su cierre trasero ajustable ofrece un ajuste perfecto para todas las tallas de cabeza, asegurando confort y seguridad en cada momento.<\/p>\n","protected":false},"featured_media":3997,"template":"","meta":[],"product_brand":[],"product_cat":[496,318],"product_tag":[491,489,98,359,470,492,46,490],"class_list":{"0":"post-3991","1":"product","2":"type-product","3":"status-publish","4":"has-post-thumbnail","6":"product_cat-gorras","7":"product_cat-accesorios","8":"product_tag-artes","9":"product_tag-beisbol","10":"product_tag-dragon","11":"product_tag-gorra","12":"product_tag-japon","13":"product_tag-marciales","14":"product_tag-ninjutsu","15":"product_tag-oriental","17":"first","18":"outofstock","19":"shipping-taxable","20":"purchasable","21":"product-type-simple"},"yoast_head":"<!-- This site is optimized with the Yoast SEO plugin v26.8 - https:\/\/yoast.com\/product\/yoast-seo-wordpress\/ -->\n<title>Gorra Drag\u00f3n - Blanca - Tienda Marcial Colombia<\/title>\n<meta name=\"description\" content=\"Descubre el toque de estilo que tu outfit necesita con nuestra gorra de Drag\u00f3n estampado. Esta pieza esencial combina a la perfecci\u00f3n moda y funcionalidad, convirti\u00e9ndola en tu mejor aliada sin importar la ocasi\u00f3n.Fabricada con algod\u00f3n suave y transpirable, esta gorra garantiza comodidad absoluta durante todo el d\u00eda. Su cierre trasero ajustable ofrece un ajuste perfecto para todas las tallas de cabeza, asegurando confort y seguridad en cada momento.\" \/>\n<meta name=\"robots\" content=\"index, follow, max-snippet:-1, max-image-preview:large, max-video-preview:-1\" \/>\n<link rel=\"canonical\" href=\"https:\/\/tiendamarcial.com\/arnobysinam\/producto\/gorra-dragon-blanca\/\" \/>\n<meta property=\"og:locale\" content=\"es_ES\" \/>\n<meta property=\"og:type\" content=\"article\" \/>\n<meta property=\"og:title\" content=\"Gorra Drag\u00f3n - Blanca - Tienda Marcial Colombia\" \/>\n<meta property=\"og:description\" content=\"Descubre el toque de estilo que tu outfit necesita con nuestra gorra de Drag\u00f3n estampado. Esta pieza esencial combina a la perfecci\u00f3n moda y funcionalidad, convirti\u00e9ndola en tu mejor aliada sin importar la ocasi\u00f3n.Fabricada con algod\u00f3n suave y transpirable, esta gorra garantiza comodidad absoluta durante todo el d\u00eda. Su cierre trasero ajustable ofrece un ajuste perfecto para todas las tallas de cabeza, asegurando confort y seguridad en cada momento.\" \/>\n<meta property=\"og:url\" content=\"https:\/\/tiendamarcial.com\/arnobysinam\/producto\/gorra-dragon-blanca\/\" \/>\n<meta property=\"og:site_name\" content=\"Tienda Marcial Colombia\" \/>\n<meta property=\"article:publisher\" content=\"https:\/\/www.facebook.com\/TiendaMarcial\" \/>\n<meta property=\"article:modified_time\" content=\"2026-04-15T02:19:45+00:00\" \/>\n<meta property=\"og:image\" content=\"https:\/\/tiendamarcial.com\/arnobysinam\/wp-content\/uploads\/2023\/12\/PRGR001-gorra-dragon-beisbol-japon-japan-artes-marciales-karate-kanji-ninja-colombia-tienda-marcial.jpg\" \/>\n\t<meta property=\"og:image:width\" content=\"600\" \/>\n\t<meta property=\"og:image:height\" content=\"600\" \/>\n\t<meta property=\"og:image:type\" content=\"image\/jpeg\" \/>\n<meta name=\"twitter:card\" content=\"summary_large_image\" \/>\n<meta name=\"twitter:site\" content=\"@TiendaMarcial\" \/>\n<meta name=\"twitter:label1\" content=\"Tiempo de lectura\" \/>\n\t<meta name=\"twitter:data1\" content=\"1 minuto\" \/>\n<script type=\"application\/ld+json\" class=\"yoast-schema-graph\">{\"@context\":\"https:\/\/schema.org\",\"@graph\":[{\"@type\":\"WebPage\",\"@id\":\"https:\/\/tiendamarcial.com\/arnobysinam\/producto\/gorra-dragon-blanca\/\",\"url\":\"https:\/\/tiendamarcial.com\/arnobysinam\/producto\/gorra-dragon-blanca\/\",\"name\":\"Gorra Drag\u00f3n - Blanca - Tienda Marcial Colombia\",\"isPartOf\":{\"@id\":\"https:\/\/tiendamarcial.com\/arnobysinam\/#website\"},\"primaryImageOfPage\":{\"@id\":\"https:\/\/tiendamarcial.com\/arnobysinam\/producto\/gorra-dragon-blanca\/#primaryimage\"},\"image\":{\"@id\":\"https:\/\/tiendamarcial.com\/arnobysinam\/producto\/gorra-dragon-blanca\/#primaryimage\"},\"thumbnailUrl\":\"https:\/\/tiendamarcial.com\/arnobysinam\/wp-content\/uploads\/2023\/12\/PRGR001-gorra-dragon-beisbol-japon-japan-artes-marciales-karate-kanji-ninja-colombia-tienda-marcial.jpg\",\"datePublished\":\"2023-12-20T18:17:35+00:00\",\"dateModified\":\"2026-04-15T02:19:45+00:00\",\"description\":\"Descubre el toque de estilo que tu outfit necesita con nuestra gorra de Drag\u00f3n estampado. Esta pieza esencial combina a la perfecci\u00f3n moda y funcionalidad, convirti\u00e9ndola en tu mejor aliada sin importar la ocasi\u00f3n.Fabricada con algod\u00f3n suave y transpirable, esta gorra garantiza comodidad absoluta durante todo el d\u00eda. Su cierre trasero ajustable ofrece un ajuste perfecto para todas las tallas de cabeza, asegurando confort y seguridad en cada momento.\",\"breadcrumb\":{\"@id\":\"https:\/\/tiendamarcial.com\/arnobysinam\/producto\/gorra-dragon-blanca\/#breadcrumb\"},\"inLanguage\":\"es\",\"potentialAction\":[{\"@type\":\"ReadAction\",\"target\":[\"https:\/\/tiendamarcial.com\/arnobysinam\/producto\/gorra-dragon-blanca\/\"]}]},{\"@type\":\"ImageObject\",\"inLanguage\":\"es\",\"@id\":\"https:\/\/tiendamarcial.com\/arnobysinam\/producto\/gorra-dragon-blanca\/#primaryimage\",\"url\":\"https:\/\/tiendamarcial.com\/arnobysinam\/wp-content\/uploads\/2023\/12\/PRGR001-gorra-dragon-beisbol-japon-japan-artes-marciales-karate-kanji-ninja-colombia-tienda-marcial.jpg\",\"contentUrl\":\"https:\/\/tiendamarcial.com\/arnobysinam\/wp-content\/uploads\/2023\/12\/PRGR001-gorra-dragon-beisbol-japon-japan-artes-marciales-karate-kanji-ninja-colombia-tienda-marcial.jpg\",\"width\":600,\"height\":600,\"caption\":\"Gorra Drag\u00f3n blanca Artes Marciales Jap\u00f3n Ninjutsu\"},{\"@type\":\"BreadcrumbList\",\"@id\":\"https:\/\/tiendamarcial.com\/arnobysinam\/producto\/gorra-dragon-blanca\/#breadcrumb\",\"itemListElement\":[{\"@type\":\"ListItem\",\"position\":1,\"name\":\"Portada\",\"item\":\"https:\/\/tiendamarcial.com\/arnobysinam\/\"},{\"@type\":\"ListItem\",\"position\":2,\"name\":\"Tienda\",\"item\":\"https:\/\/tiendamarcial.com\/arnobysinam\/tienda\/\"},{\"@type\":\"ListItem\",\"position\":3,\"name\":\"Gorra Drag\u00f3n &#8211; Blanca\"}]},{\"@type\":\"WebSite\",\"@id\":\"https:\/\/tiendamarcial.com\/arnobysinam\/#website\",\"url\":\"https:\/\/tiendamarcial.com\/arnobysinam\/\",\"name\":\"Tienda Marcial Colombia\",\"description\":\"Todo en implementos para Artes Marciales\",\"potentialAction\":[{\"@type\":\"SearchAction\",\"target\":{\"@type\":\"EntryPoint\",\"urlTemplate\":\"https:\/\/tiendamarcial.com\/arnobysinam\/?s={search_term_string}\"},\"query-input\":{\"@type\":\"PropertyValueSpecification\",\"valueRequired\":true,\"valueName\":\"search_term_string\"}}],\"inLanguage\":\"es\"}]}<\/script>\n<!-- \/ Yoast SEO plugin. -->","yoast_head_json":{"title":"Gorra Drag\u00f3n - Blanca - Tienda Marcial Colombia","description":"Descubre el toque de estilo que tu outfit necesita con nuestra gorra de Drag\u00f3n estampado. Esta pieza esencial combina a la perfecci\u00f3n moda y funcionalidad, convirti\u00e9ndola en tu mejor aliada sin importar la ocasi\u00f3n.Fabricada con algod\u00f3n suave y transpirable, esta gorra garantiza comodidad absoluta durante todo el d\u00eda. Su cierre trasero ajustable ofrece un ajuste perfecto para todas las tallas de cabeza, asegurando confort y seguridad en cada momento.","robots":{"index":"index","follow":"follow","max-snippet":"max-snippet:-1","max-image-preview":"max-image-preview:large","max-video-preview":"max-video-preview:-1"},"canonical":"https:\/\/tiendamarcial.com\/arnobysinam\/producto\/gorra-dragon-blanca\/","og_locale":"es_ES","og_type":"article","og_title":"Gorra Drag\u00f3n - Blanca - Tienda Marcial Colombia","og_description":"Descubre el toque de estilo que tu outfit necesita con nuestra gorra de Drag\u00f3n estampado. Esta pieza esencial combina a la perfecci\u00f3n moda y funcionalidad, convirti\u00e9ndola en tu mejor aliada sin importar la ocasi\u00f3n.Fabricada con algod\u00f3n suave y transpirable, esta gorra garantiza comodidad absoluta durante todo el d\u00eda. Su cierre trasero ajustable ofrece un ajuste perfecto para todas las tallas de cabeza, asegurando confort y seguridad en cada momento.","og_url":"https:\/\/tiendamarcial.com\/arnobysinam\/producto\/gorra-dragon-blanca\/","og_site_name":"Tienda Marcial Colombia","article_publisher":"https:\/\/www.facebook.com\/TiendaMarcial","article_modified_time":"2026-04-15T02:19:45+00:00","og_image":[{"width":600,"height":600,"url":"https:\/\/tiendamarcial.com\/arnobysinam\/wp-content\/uploads\/2023\/12\/PRGR001-gorra-dragon-beisbol-japon-japan-artes-marciales-karate-kanji-ninja-colombia-tienda-marcial.jpg","type":"image\/jpeg"}],"twitter_card":"summary_large_image","twitter_site":"@TiendaMarcial","twitter_misc":{"Tiempo de lectura":"1 minuto"},"schema":{"@context":"https:\/\/schema.org","@graph":[{"@type":"WebPage","@id":"https:\/\/tiendamarcial.com\/arnobysinam\/producto\/gorra-dragon-blanca\/","url":"https:\/\/tiendamarcial.com\/arnobysinam\/producto\/gorra-dragon-blanca\/","name":"Gorra Drag\u00f3n - Blanca - Tienda Marcial Colombia","isPartOf":{"@id":"https:\/\/tiendamarcial.com\/arnobysinam\/#website"},"primaryImageOfPage":{"@id":"https:\/\/tiendamarcial.com\/arnobysinam\/producto\/gorra-dragon-blanca\/#primaryimage"},"image":{"@id":"https:\/\/tiendamarcial.com\/arnobysinam\/producto\/gorra-dragon-blanca\/#primaryimage"},"thumbnailUrl":"https:\/\/tiendamarcial.com\/arnobysinam\/wp-content\/uploads\/2023\/12\/PRGR001-gorra-dragon-beisbol-japon-japan-artes-marciales-karate-kanji-ninja-colombia-tienda-marcial.jpg","datePublished":"2023-12-20T18:17:35+00:00","dateModified":"2026-04-15T02:19:45+00:00","description":"Descubre el toque de estilo que tu outfit necesita con nuestra gorra de Drag\u00f3n estampado. Esta pieza esencial combina a la perfecci\u00f3n moda y funcionalidad, convirti\u00e9ndola en tu mejor aliada sin importar la ocasi\u00f3n.Fabricada con algod\u00f3n suave y transpirable, esta gorra garantiza comodidad absoluta durante todo el d\u00eda. Su cierre trasero ajustable ofrece un ajuste perfecto para todas las tallas de cabeza, asegurando confort y seguridad en cada momento.","breadcrumb":{"@id":"https:\/\/tiendamarcial.com\/arnobysinam\/producto\/gorra-dragon-blanca\/#breadcrumb"},"inLanguage":"es","potentialAction":[{"@type":"ReadAction","target":["https:\/\/tiendamarcial.com\/arnobysinam\/producto\/gorra-dragon-blanca\/"]}]},{"@type":"ImageObject","inLanguage":"es","@id":"https:\/\/tiendamarcial.com\/arnobysinam\/producto\/gorra-dragon-blanca\/#primaryimage","url":"https:\/\/tiendamarcial.com\/arnobysinam\/wp-content\/uploads\/2023\/12\/PRGR001-gorra-dragon-beisbol-japon-japan-artes-marciales-karate-kanji-ninja-colombia-tienda-marcial.jpg","contentUrl":"https:\/\/tiendamarcial.com\/arnobysinam\/wp-content\/uploads\/2023\/12\/PRGR001-gorra-dragon-beisbol-japon-japan-artes-marciales-karate-kanji-ninja-colombia-tienda-marcial.jpg","width":600,"height":600,"caption":"Gorra Drag\u00f3n blanca Artes Marciales Jap\u00f3n Ninjutsu"},{"@type":"BreadcrumbList","@id":"https:\/\/tiendamarcial.com\/arnobysinam\/producto\/gorra-dragon-blanca\/#breadcrumb","itemListElement":[{"@type":"ListItem","position":1,"name":"Portada","item":"https:\/\/tiendamarcial.com\/arnobysinam\/"},{"@type":"ListItem","position":2,"name":"Tienda","item":"https:\/\/tiendamarcial.com\/arnobysinam\/tienda\/"},{"@type":"ListItem","position":3,"name":"Gorra Drag\u00f3n &#8211; Blanca"}]},{"@type":"WebSite","@id":"https:\/\/tiendamarcial.com\/arnobysinam\/#website","url":"https:\/\/tiendamarcial.com\/arnobysinam\/","name":"Tienda Marcial Colombia","description":"Todo en implementos para Artes Marciales","potentialAction":[{"@type":"SearchAction","target":{"@type":"EntryPoint","urlTemplate":"https:\/\/tiendamarcial.com\/arnobysinam\/?s={search_term_string}"},"query-input":{"@type":"PropertyValueSpecification","valueRequired":true,"valueName":"search_term_string"}}],"inLanguage":"es"}]}},"_links":{"self":[{"href":"https:\/\/tiendamarcial.com\/arnobysinam\/wp-json\/wp\/v2\/product\/3991","targetHints":{"allow":["GET"]}}],"collection":[{"href":"https:\/\/tiendamarcial.com\/arnobysinam\/wp-json\/wp\/v2\/product"}],"about":[{"href":"https:\/\/tiendamarcial.com\/arnobysinam\/wp-json\/wp\/v2\/types\/product"}],"version-history":[{"count":2,"href":"https:\/\/tiendamarcial.com\/arnobysinam\/wp-json\/wp\/v2\/product\/3991\/revisions"}],"predecessor-version":[{"id":3998,"href":"https:\/\/tiendamarcial.com\/arnobysinam\/wp-json\/wp\/v2\/product\/3991\/revisions\/3998"}],"wp:featuredmedia":[{"embeddable":true,"href":"https:\/\/tiendamarcial.com\/arnobysinam\/wp-json\/wp\/v2\/media\/3997"}],"wp:attachment":[{"href":"https:\/\/tiendamarcial.com\/arnobysinam\/wp-json\/wp\/v2\/media?parent=3991"}],"wp:term":[{"taxonomy":"product_brand","embeddable":true,"href":"https:\/\/tiendamarcial.com\/arnobysinam\/wp-json\/wp\/v2\/product_brand?post=3991"},{"taxonomy":"product_cat","embeddable":true,"href":"https:\/\/tiendamarcial.com\/arnobysinam\/wp-json\/wp\/v2\/product_cat?post=3991"},{"taxonomy":"product_tag","embeddable":true,"href":"https:\/\/tiendamarcial.com\/arnobysinam\/wp-json\/wp\/v2\/product_tag?post=3991"}],"curies":[{"name":"wp","href":"https:\/\/api.w.org\/{rel}","templated":true}]}}