{"id":3547,"date":"2023-10-05T23:20:34","date_gmt":"2023-10-06T04:20:34","guid":{"rendered":"https:\/\/tiendamarcial.com\/arnobysinam\/?post_type=product&#038;p=3547"},"modified":"2026-01-24T18:15:53","modified_gmt":"2026-01-24T23:15:53","slug":"bokken-bushi-no-seishin","status":"publish","type":"product","link":"https:\/\/tiendamarcial.com\/arnobysinam\/producto\/bokken-bushi-no-seishin\/","title":{"rendered":"Bokken Bushi No Seishin"},"content":{"rendered":"<p>El Bokken (\u6728\u5263) o bokut\u00f4 es un arma de pr\u00e1ctica para el arte de la espada japonesa. Esta arma es utilizada principalmente para el combate y la formaci\u00f3n de kata (formas o figuras). Sin embargo, un mismo bokken es un gran arma eficaz por s\u00ed solo.<\/p>\n<p>En las manos de un maestro de kenjutsu experimentado, un bokken puede ser tan exacto y devastador como una espada real. En cualquier caso un bokken es esencial para la formaci\u00f3n en el arte de la espada\u00a0 para la mayor\u00eda de los japoneses.<\/p>\n<p>Este es el m\u00e1s nuevo estilo del bokken. El problema anterior del deslizamiento de las manos cuando \u00e9stas se sudaban (como lo har\u00e1n cuando la pr\u00e1ctica) se ha resuelto mediante la adici\u00f3n de un enrolle igual al trenzado de una katana real en su empu\u00f1adura.<\/p>\n<p>Bushi No Seishin \u6b66\u58eb\u306e\u7cbe\u795e traduce el esp\u00edritu del samurai.<\/p>\n<p><strong>Caracter\u00edsticas:<br \/>\n<\/strong><br \/>\n&#8211; Este bokken se ha construido en madera natural sin proceso al calor.<br \/>\n&#8211; Tiene una terminaci\u00f3n en color negro.<br \/>\n&#8211; El mango del bokken se ha ajustado con una envoltura de nylon en color caoba.<br \/>\n&#8211; Tiene 99 cms de largo por 3,5 cms de ancho; la tsuba es ovalada de 7 cms por 6,7 cms.<br \/>\n&#8211; Tiene un peso de 700 gramos aprox.<\/p>\n","protected":false},"excerpt":{"rendered":"<p>El Bokken (espada en madera) es un arma de pr\u00e1ctica para el arte de la espada japonesa. Es utilizada principalmente para el combate y la formaci\u00f3n de kata.<\/p>\n","protected":false},"featured_media":3551,"template":"","meta":[],"product_brand":[],"product_cat":[105],"product_tag":[39,110,106,107,109,40,59,108,65,47,46,61],"class_list":{"0":"post-3547","1":"product","2":"type-product","3":"status-publish","4":"has-post-thumbnail","6":"product_cat-bokken-y-shinai","7":"product_tag-artes-marciales","8":"product_tag-battojutsu","9":"product_tag-bokken","10":"product_tag-bokuto","11":"product_tag-iaido","12":"product_tag-karate","13":"product_tag-katana","14":"product_tag-kendo","15":"product_tag-kenjutsu","16":"product_tag-ninja","17":"product_tag-ninjutsu","18":"product_tag-sword","20":"first","21":"outofstock","22":"shipping-taxable","23":"purchasable","24":"product-type-simple"},"yoast_head":"<!-- This site is optimized with the Yoast SEO plugin v26.8 - https:\/\/yoast.com\/product\/yoast-seo-wordpress\/ -->\n<title>Bokken Bushi No Seishin - Tienda Marcial Colombia<\/title>\n<meta name=\"description\" content=\"El Bokken (\u6728\u5263) o bokut\u00f4 es un arma de pr\u00e1ctica para el arte de la espada japonesa. Esta arma es utilizada principalmente para el combate y la formaci\u00f3n de kata (formas o figuras). Sin embargo, un mismo bokken es un gran arma eficaz por s\u00ed solo.En las manos de un maestro de kenjutsu experimentado, un bokken puede ser tan exacto y devastador como una espada real. En cualquier caso un bokken es esencial para la formaci\u00f3n en el arte de la espada\u00a0 para la mayor\u00eda de los japoneses.\" \/>\n<meta name=\"robots\" content=\"index, follow, max-snippet:-1, max-image-preview:large, max-video-preview:-1\" \/>\n<link rel=\"canonical\" href=\"https:\/\/tiendamarcial.com\/arnobysinam\/producto\/bokken-bushi-no-seishin\/\" \/>\n<meta property=\"og:locale\" content=\"es_ES\" \/>\n<meta property=\"og:type\" content=\"article\" \/>\n<meta property=\"og:title\" content=\"Bokken Bushi No Seishin - Tienda Marcial Colombia\" \/>\n<meta property=\"og:description\" content=\"El Bokken (\u6728\u5263) o bokut\u00f4 es un arma de pr\u00e1ctica para el arte de la espada japonesa. Esta arma es utilizada principalmente para el combate y la formaci\u00f3n de kata (formas o figuras). Sin embargo, un mismo bokken es un gran arma eficaz por s\u00ed solo.En las manos de un maestro de kenjutsu experimentado, un bokken puede ser tan exacto y devastador como una espada real. En cualquier caso un bokken es esencial para la formaci\u00f3n en el arte de la espada\u00a0 para la mayor\u00eda de los japoneses.\" \/>\n<meta property=\"og:url\" content=\"https:\/\/tiendamarcial.com\/arnobysinam\/producto\/bokken-bushi-no-seishin\/\" \/>\n<meta property=\"og:site_name\" content=\"Tienda Marcial Colombia\" \/>\n<meta property=\"article:publisher\" content=\"https:\/\/www.facebook.com\/TiendaMarcial\" \/>\n<meta property=\"article:modified_time\" content=\"2026-01-24T23:15:53+00:00\" \/>\n<meta property=\"og:image\" content=\"https:\/\/tiendamarcial.com\/arnobysinam\/wp-content\/uploads\/2023\/10\/ARBK023-bokken-kenjutsu-ninjutsu-kendo-bokuto-madera-espada-katana-colombia.jpg\" \/>\n\t<meta property=\"og:image:width\" content=\"600\" \/>\n\t<meta property=\"og:image:height\" content=\"600\" \/>\n\t<meta property=\"og:image:type\" content=\"image\/jpeg\" \/>\n<meta name=\"twitter:card\" content=\"summary_large_image\" \/>\n<meta name=\"twitter:site\" content=\"@TiendaMarcial\" \/>\n<meta name=\"twitter:label1\" content=\"Tiempo de lectura\" \/>\n\t<meta name=\"twitter:data1\" content=\"1 minuto\" \/>\n<script type=\"application\/ld+json\" class=\"yoast-schema-graph\">{\"@context\":\"https:\/\/schema.org\",\"@graph\":[{\"@type\":\"WebPage\",\"@id\":\"https:\/\/tiendamarcial.com\/arnobysinam\/producto\/bokken-bushi-no-seishin\/\",\"url\":\"https:\/\/tiendamarcial.com\/arnobysinam\/producto\/bokken-bushi-no-seishin\/\",\"name\":\"Bokken Bushi No Seishin - Tienda Marcial Colombia\",\"isPartOf\":{\"@id\":\"https:\/\/tiendamarcial.com\/arnobysinam\/#website\"},\"primaryImageOfPage\":{\"@id\":\"https:\/\/tiendamarcial.com\/arnobysinam\/producto\/bokken-bushi-no-seishin\/#primaryimage\"},\"image\":{\"@id\":\"https:\/\/tiendamarcial.com\/arnobysinam\/producto\/bokken-bushi-no-seishin\/#primaryimage\"},\"thumbnailUrl\":\"https:\/\/tiendamarcial.com\/arnobysinam\/wp-content\/uploads\/2023\/10\/ARBK023-bokken-kenjutsu-ninjutsu-kendo-bokuto-madera-espada-katana-colombia.jpg\",\"datePublished\":\"2023-10-06T04:20:34+00:00\",\"dateModified\":\"2026-01-24T23:15:53+00:00\",\"description\":\"El Bokken (\u6728\u5263) o bokut\u00f4 es un arma de pr\u00e1ctica para el arte de la espada japonesa. Esta arma es utilizada principalmente para el combate y la formaci\u00f3n de kata (formas o figuras). Sin embargo, un mismo bokken es un gran arma eficaz por s\u00ed solo.En las manos de un maestro de kenjutsu experimentado, un bokken puede ser tan exacto y devastador como una espada real. En cualquier caso un bokken es esencial para la formaci\u00f3n en el arte de la espada\u00a0 para la mayor\u00eda de los japoneses.\",\"breadcrumb\":{\"@id\":\"https:\/\/tiendamarcial.com\/arnobysinam\/producto\/bokken-bushi-no-seishin\/#breadcrumb\"},\"inLanguage\":\"es\",\"potentialAction\":[{\"@type\":\"ReadAction\",\"target\":[\"https:\/\/tiendamarcial.com\/arnobysinam\/producto\/bokken-bushi-no-seishin\/\"]}]},{\"@type\":\"ImageObject\",\"inLanguage\":\"es\",\"@id\":\"https:\/\/tiendamarcial.com\/arnobysinam\/producto\/bokken-bushi-no-seishin\/#primaryimage\",\"url\":\"https:\/\/tiendamarcial.com\/arnobysinam\/wp-content\/uploads\/2023\/10\/ARBK023-bokken-kenjutsu-ninjutsu-kendo-bokuto-madera-espada-katana-colombia.jpg\",\"contentUrl\":\"https:\/\/tiendamarcial.com\/arnobysinam\/wp-content\/uploads\/2023\/10\/ARBK023-bokken-kenjutsu-ninjutsu-kendo-bokuto-madera-espada-katana-colombia.jpg\",\"width\":600,\"height\":600},{\"@type\":\"BreadcrumbList\",\"@id\":\"https:\/\/tiendamarcial.com\/arnobysinam\/producto\/bokken-bushi-no-seishin\/#breadcrumb\",\"itemListElement\":[{\"@type\":\"ListItem\",\"position\":1,\"name\":\"Portada\",\"item\":\"https:\/\/tiendamarcial.com\/arnobysinam\/\"},{\"@type\":\"ListItem\",\"position\":2,\"name\":\"Tienda\",\"item\":\"https:\/\/tiendamarcial.com\/arnobysinam\/tienda\/\"},{\"@type\":\"ListItem\",\"position\":3,\"name\":\"Bokken Bushi No Seishin\"}]},{\"@type\":\"WebSite\",\"@id\":\"https:\/\/tiendamarcial.com\/arnobysinam\/#website\",\"url\":\"https:\/\/tiendamarcial.com\/arnobysinam\/\",\"name\":\"Tienda Marcial Colombia\",\"description\":\"Todo en implementos para Artes Marciales\",\"potentialAction\":[{\"@type\":\"SearchAction\",\"target\":{\"@type\":\"EntryPoint\",\"urlTemplate\":\"https:\/\/tiendamarcial.com\/arnobysinam\/?s={search_term_string}\"},\"query-input\":{\"@type\":\"PropertyValueSpecification\",\"valueRequired\":true,\"valueName\":\"search_term_string\"}}],\"inLanguage\":\"es\"}]}<\/script>\n<!-- \/ Yoast SEO plugin. -->","yoast_head_json":{"title":"Bokken Bushi No Seishin - Tienda Marcial Colombia","description":"El Bokken (\u6728\u5263) o bokut\u00f4 es un arma de pr\u00e1ctica para el arte de la espada japonesa. Esta arma es utilizada principalmente para el combate y la formaci\u00f3n de kata (formas o figuras). Sin embargo, un mismo bokken es un gran arma eficaz por s\u00ed solo.En las manos de un maestro de kenjutsu experimentado, un bokken puede ser tan exacto y devastador como una espada real. En cualquier caso un bokken es esencial para la formaci\u00f3n en el arte de la espada\u00a0 para la mayor\u00eda de los japoneses.","robots":{"index":"index","follow":"follow","max-snippet":"max-snippet:-1","max-image-preview":"max-image-preview:large","max-video-preview":"max-video-preview:-1"},"canonical":"https:\/\/tiendamarcial.com\/arnobysinam\/producto\/bokken-bushi-no-seishin\/","og_locale":"es_ES","og_type":"article","og_title":"Bokken Bushi No Seishin - Tienda Marcial Colombia","og_description":"El Bokken (\u6728\u5263) o bokut\u00f4 es un arma de pr\u00e1ctica para el arte de la espada japonesa. Esta arma es utilizada principalmente para el combate y la formaci\u00f3n de kata (formas o figuras). Sin embargo, un mismo bokken es un gran arma eficaz por s\u00ed solo.En las manos de un maestro de kenjutsu experimentado, un bokken puede ser tan exacto y devastador como una espada real. En cualquier caso un bokken es esencial para la formaci\u00f3n en el arte de la espada\u00a0 para la mayor\u00eda de los japoneses.","og_url":"https:\/\/tiendamarcial.com\/arnobysinam\/producto\/bokken-bushi-no-seishin\/","og_site_name":"Tienda Marcial Colombia","article_publisher":"https:\/\/www.facebook.com\/TiendaMarcial","article_modified_time":"2026-01-24T23:15:53+00:00","og_image":[{"width":600,"height":600,"url":"https:\/\/tiendamarcial.com\/arnobysinam\/wp-content\/uploads\/2023\/10\/ARBK023-bokken-kenjutsu-ninjutsu-kendo-bokuto-madera-espada-katana-colombia.jpg","type":"image\/jpeg"}],"twitter_card":"summary_large_image","twitter_site":"@TiendaMarcial","twitter_misc":{"Tiempo de lectura":"1 minuto"},"schema":{"@context":"https:\/\/schema.org","@graph":[{"@type":"WebPage","@id":"https:\/\/tiendamarcial.com\/arnobysinam\/producto\/bokken-bushi-no-seishin\/","url":"https:\/\/tiendamarcial.com\/arnobysinam\/producto\/bokken-bushi-no-seishin\/","name":"Bokken Bushi No Seishin - Tienda Marcial Colombia","isPartOf":{"@id":"https:\/\/tiendamarcial.com\/arnobysinam\/#website"},"primaryImageOfPage":{"@id":"https:\/\/tiendamarcial.com\/arnobysinam\/producto\/bokken-bushi-no-seishin\/#primaryimage"},"image":{"@id":"https:\/\/tiendamarcial.com\/arnobysinam\/producto\/bokken-bushi-no-seishin\/#primaryimage"},"thumbnailUrl":"https:\/\/tiendamarcial.com\/arnobysinam\/wp-content\/uploads\/2023\/10\/ARBK023-bokken-kenjutsu-ninjutsu-kendo-bokuto-madera-espada-katana-colombia.jpg","datePublished":"2023-10-06T04:20:34+00:00","dateModified":"2026-01-24T23:15:53+00:00","description":"El Bokken (\u6728\u5263) o bokut\u00f4 es un arma de pr\u00e1ctica para el arte de la espada japonesa. Esta arma es utilizada principalmente para el combate y la formaci\u00f3n de kata (formas o figuras). Sin embargo, un mismo bokken es un gran arma eficaz por s\u00ed solo.En las manos de un maestro de kenjutsu experimentado, un bokken puede ser tan exacto y devastador como una espada real. En cualquier caso un bokken es esencial para la formaci\u00f3n en el arte de la espada\u00a0 para la mayor\u00eda de los japoneses.","breadcrumb":{"@id":"https:\/\/tiendamarcial.com\/arnobysinam\/producto\/bokken-bushi-no-seishin\/#breadcrumb"},"inLanguage":"es","potentialAction":[{"@type":"ReadAction","target":["https:\/\/tiendamarcial.com\/arnobysinam\/producto\/bokken-bushi-no-seishin\/"]}]},{"@type":"ImageObject","inLanguage":"es","@id":"https:\/\/tiendamarcial.com\/arnobysinam\/producto\/bokken-bushi-no-seishin\/#primaryimage","url":"https:\/\/tiendamarcial.com\/arnobysinam\/wp-content\/uploads\/2023\/10\/ARBK023-bokken-kenjutsu-ninjutsu-kendo-bokuto-madera-espada-katana-colombia.jpg","contentUrl":"https:\/\/tiendamarcial.com\/arnobysinam\/wp-content\/uploads\/2023\/10\/ARBK023-bokken-kenjutsu-ninjutsu-kendo-bokuto-madera-espada-katana-colombia.jpg","width":600,"height":600},{"@type":"BreadcrumbList","@id":"https:\/\/tiendamarcial.com\/arnobysinam\/producto\/bokken-bushi-no-seishin\/#breadcrumb","itemListElement":[{"@type":"ListItem","position":1,"name":"Portada","item":"https:\/\/tiendamarcial.com\/arnobysinam\/"},{"@type":"ListItem","position":2,"name":"Tienda","item":"https:\/\/tiendamarcial.com\/arnobysinam\/tienda\/"},{"@type":"ListItem","position":3,"name":"Bokken Bushi No Seishin"}]},{"@type":"WebSite","@id":"https:\/\/tiendamarcial.com\/arnobysinam\/#website","url":"https:\/\/tiendamarcial.com\/arnobysinam\/","name":"Tienda Marcial Colombia","description":"Todo en implementos para Artes Marciales","potentialAction":[{"@type":"SearchAction","target":{"@type":"EntryPoint","urlTemplate":"https:\/\/tiendamarcial.com\/arnobysinam\/?s={search_term_string}"},"query-input":{"@type":"PropertyValueSpecification","valueRequired":true,"valueName":"search_term_string"}}],"inLanguage":"es"}]}},"_links":{"self":[{"href":"https:\/\/tiendamarcial.com\/arnobysinam\/wp-json\/wp\/v2\/product\/3547","targetHints":{"allow":["GET"]}}],"collection":[{"href":"https:\/\/tiendamarcial.com\/arnobysinam\/wp-json\/wp\/v2\/product"}],"about":[{"href":"https:\/\/tiendamarcial.com\/arnobysinam\/wp-json\/wp\/v2\/types\/product"}],"version-history":[{"count":3,"href":"https:\/\/tiendamarcial.com\/arnobysinam\/wp-json\/wp\/v2\/product\/3547\/revisions"}],"predecessor-version":[{"id":3554,"href":"https:\/\/tiendamarcial.com\/arnobysinam\/wp-json\/wp\/v2\/product\/3547\/revisions\/3554"}],"wp:featuredmedia":[{"embeddable":true,"href":"https:\/\/tiendamarcial.com\/arnobysinam\/wp-json\/wp\/v2\/media\/3551"}],"wp:attachment":[{"href":"https:\/\/tiendamarcial.com\/arnobysinam\/wp-json\/wp\/v2\/media?parent=3547"}],"wp:term":[{"taxonomy":"product_brand","embeddable":true,"href":"https:\/\/tiendamarcial.com\/arnobysinam\/wp-json\/wp\/v2\/product_brand?post=3547"},{"taxonomy":"product_cat","embeddable":true,"href":"https:\/\/tiendamarcial.com\/arnobysinam\/wp-json\/wp\/v2\/product_cat?post=3547"},{"taxonomy":"product_tag","embeddable":true,"href":"https:\/\/tiendamarcial.com\/arnobysinam\/wp-json\/wp\/v2\/product_tag?post=3547"}],"curies":[{"name":"wp","href":"https:\/\/api.w.org\/{rel}","templated":true}]}}