{"id":3366,"date":"2023-09-18T14:14:06","date_gmt":"2023-09-18T19:14:06","guid":{"rendered":"https:\/\/tiendamarcial.com\/arnobysinam\/?post_type=product&#038;p=3366"},"modified":"2025-09-25T21:30:35","modified_gmt":"2025-09-26T02:30:35","slug":"kendo-bogu-japones-set","status":"publish","type":"product","link":"https:\/\/tiendamarcial.com\/arnobysinam\/producto\/kendo-bogu-japones-set\/","title":{"rendered":"Kendo Bogu Japon\u00e9s"},"content":{"rendered":"<div style=\"text-align: justify;\"><span style=\"font-family: verdana, geneva; font-size: 12pt;\">Kendo Bogu japon\u00e9s de 6mm cosido a m\u00e1quina, con refuerzos de material Clarino muy durable en las zonas donde el desgaste es mayor. Este bogu es ideal para principiantes o avanzados y para las personas que quieran tener un Bogu para las pr\u00e1cticas diarias.\u00a0<\/span><\/div>\n<div style=\"text-align: justify;\"><span style=\"font-family: verdana, geneva; font-size: 12pt;\"><strong>INCLUYE:<\/strong>\u00a0Todos los Himo, partes de cuero de los Himo del Men y 1 Tenugui.\u00a0<\/span><\/div>\n<p style=\"text-align: justify;\"><span style=\"font-family: verdana, geneva; font-size: 12pt;\"><br \/>\n<strong>Especificaciones:<\/strong><\/span><\/p>\n<p><strong>MEN:\u00a0<\/strong><br \/>\n* Costuras de Men y Men Futon: 6mm a m\u00e1quina<br \/>\n* Mengane: Aluminio<br \/>\n* Bordes: Heri Kado Kawa (cuero)<br \/>\n* Bordado de Ago: costura en X<br \/>\n* Bordado de Ago Kazari: 4 lineas<br \/>\n* Dorso de Kazari: Kozakura verde tradicional<br \/>\n* Refuerzo del Futon: Orizashi<\/p>\n<p><strong>DO:<\/strong><br \/>\n* Estilo de Mune: Jodan Giban<br \/>\n* Cuero de Mune: Cuero Kurozan<br \/>\n* Bordado de Mune: Gobanzashi<br \/>\n* L\u00edneas laterales: 3 l\u00edneas simples<br \/>\n* Do: Simil Bamboo Yamato 60 varas<br \/>\n* Bordes: Pliegue Doble<\/p>\n<p><strong>KOTE:\u00a0<\/strong><br \/>\n* Kobushi: Clarino Azul Marino<br \/>\n* Palma: Clarino<br \/>\n* Namako: Simple<br \/>\n* Refuerzo de Futon: Clarino Azul Marino<\/p>\n<p><strong>TARE:<\/strong><br \/>\n* Cuero de Tare Obi: Clarino<br \/>\n* Himo: Pliegue simple (4 costuras)<br \/>\n* Refuerzo de Himo: Clarino Azul Marino<br \/>\n* Kazari: 4 l\u00edneas<br \/>\n* Dorso de Kazari: Kozakura verde tradicional<br \/>\n* Refuerzo de Tare: Orizashi<\/p>\n<p><strong><span style=\"font-family: verdana, geneva; font-size: 12pt;\">Talla:<\/span><\/strong><\/p>\n<p><span style=\"font-family: verdana, geneva; font-size: 12pt;\">Men 68 cms (6 mm). Kote 20&#215;20 cms (6 mm). Do talla M (2 mm). Tare talla M (6 mm).<\/span><\/p>\n","protected":false},"excerpt":{"rendered":"<div style=\"text-align: justify;\"><span style=\"font-family: verdana, geneva; font-size: 12pt;\">Kendo Bogu japon\u00e9s de 6mm cosido a m\u00e1quina, con refuerzos de material Clarino muy durable en las zonas donde el desgaste es mayor. Este bogu es ideal para principiantes o avanzados y para las personas que quieran tener un Bogu para las pr\u00e1cticas diarias.\u00a0<\/span><\/div>\n<div style=\"text-align: justify;\"><span style=\"font-family: verdana, geneva; font-size: 12pt;\"><strong>INCLUYE:<\/strong>\u00a0Todos los Himo, partes de cuero de los Himo del Men y 1 Tenugui.\u00a0<\/span><\/div>\n","protected":false},"featured_media":3368,"template":"","meta":[],"product_brand":[],"product_cat":[247],"product_tag":[429,427,428,108,304],"class_list":{"0":"post-3366","1":"product","2":"type-product","3":"status-publish","4":"has-post-thumbnail","6":"product_cat-uniformes","7":"product_tag-armadura","8":"product_tag-bogu","9":"product_tag-japones","10":"product_tag-kendo","11":"product_tag-proteccion","13":"first","14":"outofstock","15":"shipping-taxable","16":"purchasable","17":"product-type-simple"},"yoast_head":"<!-- This site is optimized with the Yoast SEO plugin v27.6 - https:\/\/yoast.com\/product\/yoast-seo-wordpress\/ -->\n<title>Kendo Bogu Japon\u00e9s - Tienda Marcial Colombia<\/title>\n<meta name=\"description\" content=\"Kendo Bogu japon\u00e9s de 6mm cosido a m\u00e1quina, con refuerzos de material Clarino muy durable en las zonas donde el desgaste es mayor. Este bogu es ideal para principiantes o avanzados y para las personas que quieran tener un Bogu para las pr\u00e1cticas diarias.\u00a0INCLUYE:\u00a0Todos los Himo, partes de cuero de los Himo del Men y 1 Tenugui.\u00a0\" \/>\n<meta name=\"robots\" content=\"index, follow, max-snippet:-1, max-image-preview:large, max-video-preview:-1\" \/>\n<link rel=\"canonical\" href=\"https:\/\/tiendamarcial.com\/arnobysinam\/producto\/kendo-bogu-japones-set\/\" \/>\n<meta property=\"og:locale\" content=\"es_ES\" \/>\n<meta property=\"og:type\" content=\"article\" \/>\n<meta property=\"og:title\" content=\"Kendo Bogu Japon\u00e9s - Tienda Marcial Colombia\" \/>\n<meta property=\"og:description\" content=\"Kendo Bogu japon\u00e9s de 6mm cosido a m\u00e1quina, con refuerzos de material Clarino muy durable en las zonas donde el desgaste es mayor. Este bogu es ideal para principiantes o avanzados y para las personas que quieran tener un Bogu para las pr\u00e1cticas diarias.\u00a0INCLUYE:\u00a0Todos los Himo, partes de cuero de los Himo del Men y 1 Tenugui.\u00a0\" \/>\n<meta property=\"og:url\" content=\"https:\/\/tiendamarcial.com\/arnobysinam\/producto\/kendo-bogu-japones-set\/\" \/>\n<meta property=\"og:site_name\" content=\"Tienda Marcial Colombia\" \/>\n<meta property=\"article:publisher\" content=\"https:\/\/www.facebook.com\/TiendaMarcial\" \/>\n<meta property=\"article:modified_time\" content=\"2025-09-26T02:30:35+00:00\" \/>\n<meta property=\"og:image\" content=\"https:\/\/tiendamarcial.com\/arnobysinam\/wp-content\/uploads\/2023\/09\/UNBG001.jpg\" \/>\n\t<meta property=\"og:image:width\" content=\"600\" \/>\n\t<meta property=\"og:image:height\" content=\"600\" \/>\n\t<meta property=\"og:image:type\" content=\"image\/jpeg\" \/>\n<meta name=\"twitter:card\" content=\"summary_large_image\" \/>\n<meta name=\"twitter:site\" content=\"@TiendaMarcial\" \/>\n<meta name=\"twitter:label1\" content=\"Tiempo de lectura\" \/>\n\t<meta name=\"twitter:data1\" content=\"1 minuto\" \/>\n<script type=\"application\/ld+json\" class=\"yoast-schema-graph\">{\"@context\":\"https:\\\/\\\/schema.org\",\"@graph\":[{\"@type\":\"WebPage\",\"@id\":\"https:\\\/\\\/tiendamarcial.com\\\/arnobysinam\\\/producto\\\/kendo-bogu-japones-set\\\/\",\"url\":\"https:\\\/\\\/tiendamarcial.com\\\/arnobysinam\\\/producto\\\/kendo-bogu-japones-set\\\/\",\"name\":\"Kendo Bogu Japon\u00e9s - Tienda Marcial Colombia\",\"isPartOf\":{\"@id\":\"https:\\\/\\\/tiendamarcial.com\\\/arnobysinam\\\/#website\"},\"primaryImageOfPage\":{\"@id\":\"https:\\\/\\\/tiendamarcial.com\\\/arnobysinam\\\/producto\\\/kendo-bogu-japones-set\\\/#primaryimage\"},\"image\":{\"@id\":\"https:\\\/\\\/tiendamarcial.com\\\/arnobysinam\\\/producto\\\/kendo-bogu-japones-set\\\/#primaryimage\"},\"thumbnailUrl\":\"https:\\\/\\\/tiendamarcial.com\\\/arnobysinam\\\/wp-content\\\/uploads\\\/2023\\\/09\\\/UNBG001.jpg\",\"datePublished\":\"2023-09-18T19:14:06+00:00\",\"dateModified\":\"2025-09-26T02:30:35+00:00\",\"description\":\"Kendo Bogu japon\u00e9s de 6mm cosido a m\u00e1quina, con refuerzos de material Clarino muy durable en las zonas donde el desgaste es mayor. Este bogu es ideal para principiantes o avanzados y para las personas que quieran tener un Bogu para las pr\u00e1cticas diarias.\u00a0INCLUYE:\u00a0Todos los Himo, partes de cuero de los Himo del Men y 1 Tenugui.\u00a0\",\"breadcrumb\":{\"@id\":\"https:\\\/\\\/tiendamarcial.com\\\/arnobysinam\\\/producto\\\/kendo-bogu-japones-set\\\/#breadcrumb\"},\"inLanguage\":\"es\",\"potentialAction\":[{\"@type\":\"ReadAction\",\"target\":[\"https:\\\/\\\/tiendamarcial.com\\\/arnobysinam\\\/producto\\\/kendo-bogu-japones-set\\\/\"]}]},{\"@type\":\"ImageObject\",\"inLanguage\":\"es\",\"@id\":\"https:\\\/\\\/tiendamarcial.com\\\/arnobysinam\\\/producto\\\/kendo-bogu-japones-set\\\/#primaryimage\",\"url\":\"https:\\\/\\\/tiendamarcial.com\\\/arnobysinam\\\/wp-content\\\/uploads\\\/2023\\\/09\\\/UNBG001.jpg\",\"contentUrl\":\"https:\\\/\\\/tiendamarcial.com\\\/arnobysinam\\\/wp-content\\\/uploads\\\/2023\\\/09\\\/UNBG001.jpg\",\"width\":600,\"height\":600},{\"@type\":\"BreadcrumbList\",\"@id\":\"https:\\\/\\\/tiendamarcial.com\\\/arnobysinam\\\/producto\\\/kendo-bogu-japones-set\\\/#breadcrumb\",\"itemListElement\":[{\"@type\":\"ListItem\",\"position\":1,\"name\":\"Portada\",\"item\":\"https:\\\/\\\/tiendamarcial.com\\\/arnobysinam\\\/\"},{\"@type\":\"ListItem\",\"position\":2,\"name\":\"Tienda\",\"item\":\"https:\\\/\\\/tiendamarcial.com\\\/arnobysinam\\\/tienda\\\/\"},{\"@type\":\"ListItem\",\"position\":3,\"name\":\"Kendo Bogu Japon\u00e9s\"}]},{\"@type\":\"WebSite\",\"@id\":\"https:\\\/\\\/tiendamarcial.com\\\/arnobysinam\\\/#website\",\"url\":\"https:\\\/\\\/tiendamarcial.com\\\/arnobysinam\\\/\",\"name\":\"Tienda Marcial Colombia\",\"description\":\"Todo en implementos para Artes Marciales\",\"potentialAction\":[{\"@type\":\"SearchAction\",\"target\":{\"@type\":\"EntryPoint\",\"urlTemplate\":\"https:\\\/\\\/tiendamarcial.com\\\/arnobysinam\\\/?s={search_term_string}\"},\"query-input\":{\"@type\":\"PropertyValueSpecification\",\"valueRequired\":true,\"valueName\":\"search_term_string\"}}],\"inLanguage\":\"es\"}]}<\/script>\n<!-- \/ Yoast SEO plugin. -->","yoast_head_json":{"title":"Kendo Bogu Japon\u00e9s - Tienda Marcial Colombia","description":"Kendo Bogu japon\u00e9s de 6mm cosido a m\u00e1quina, con refuerzos de material Clarino muy durable en las zonas donde el desgaste es mayor. Este bogu es ideal para principiantes o avanzados y para las personas que quieran tener un Bogu para las pr\u00e1cticas diarias.\u00a0INCLUYE:\u00a0Todos los Himo, partes de cuero de los Himo del Men y 1 Tenugui.\u00a0","robots":{"index":"index","follow":"follow","max-snippet":"max-snippet:-1","max-image-preview":"max-image-preview:large","max-video-preview":"max-video-preview:-1"},"canonical":"https:\/\/tiendamarcial.com\/arnobysinam\/producto\/kendo-bogu-japones-set\/","og_locale":"es_ES","og_type":"article","og_title":"Kendo Bogu Japon\u00e9s - Tienda Marcial Colombia","og_description":"Kendo Bogu japon\u00e9s de 6mm cosido a m\u00e1quina, con refuerzos de material Clarino muy durable en las zonas donde el desgaste es mayor. Este bogu es ideal para principiantes o avanzados y para las personas que quieran tener un Bogu para las pr\u00e1cticas diarias.\u00a0INCLUYE:\u00a0Todos los Himo, partes de cuero de los Himo del Men y 1 Tenugui.\u00a0","og_url":"https:\/\/tiendamarcial.com\/arnobysinam\/producto\/kendo-bogu-japones-set\/","og_site_name":"Tienda Marcial Colombia","article_publisher":"https:\/\/www.facebook.com\/TiendaMarcial","article_modified_time":"2025-09-26T02:30:35+00:00","og_image":[{"width":600,"height":600,"url":"https:\/\/tiendamarcial.com\/arnobysinam\/wp-content\/uploads\/2023\/09\/UNBG001.jpg","type":"image\/jpeg"}],"twitter_card":"summary_large_image","twitter_site":"@TiendaMarcial","twitter_misc":{"Tiempo de lectura":"1 minuto"},"schema":{"@context":"https:\/\/schema.org","@graph":[{"@type":"WebPage","@id":"https:\/\/tiendamarcial.com\/arnobysinam\/producto\/kendo-bogu-japones-set\/","url":"https:\/\/tiendamarcial.com\/arnobysinam\/producto\/kendo-bogu-japones-set\/","name":"Kendo Bogu Japon\u00e9s - Tienda Marcial Colombia","isPartOf":{"@id":"https:\/\/tiendamarcial.com\/arnobysinam\/#website"},"primaryImageOfPage":{"@id":"https:\/\/tiendamarcial.com\/arnobysinam\/producto\/kendo-bogu-japones-set\/#primaryimage"},"image":{"@id":"https:\/\/tiendamarcial.com\/arnobysinam\/producto\/kendo-bogu-japones-set\/#primaryimage"},"thumbnailUrl":"https:\/\/tiendamarcial.com\/arnobysinam\/wp-content\/uploads\/2023\/09\/UNBG001.jpg","datePublished":"2023-09-18T19:14:06+00:00","dateModified":"2025-09-26T02:30:35+00:00","description":"Kendo Bogu japon\u00e9s de 6mm cosido a m\u00e1quina, con refuerzos de material Clarino muy durable en las zonas donde el desgaste es mayor. Este bogu es ideal para principiantes o avanzados y para las personas que quieran tener un Bogu para las pr\u00e1cticas diarias.\u00a0INCLUYE:\u00a0Todos los Himo, partes de cuero de los Himo del Men y 1 Tenugui.\u00a0","breadcrumb":{"@id":"https:\/\/tiendamarcial.com\/arnobysinam\/producto\/kendo-bogu-japones-set\/#breadcrumb"},"inLanguage":"es","potentialAction":[{"@type":"ReadAction","target":["https:\/\/tiendamarcial.com\/arnobysinam\/producto\/kendo-bogu-japones-set\/"]}]},{"@type":"ImageObject","inLanguage":"es","@id":"https:\/\/tiendamarcial.com\/arnobysinam\/producto\/kendo-bogu-japones-set\/#primaryimage","url":"https:\/\/tiendamarcial.com\/arnobysinam\/wp-content\/uploads\/2023\/09\/UNBG001.jpg","contentUrl":"https:\/\/tiendamarcial.com\/arnobysinam\/wp-content\/uploads\/2023\/09\/UNBG001.jpg","width":600,"height":600},{"@type":"BreadcrumbList","@id":"https:\/\/tiendamarcial.com\/arnobysinam\/producto\/kendo-bogu-japones-set\/#breadcrumb","itemListElement":[{"@type":"ListItem","position":1,"name":"Portada","item":"https:\/\/tiendamarcial.com\/arnobysinam\/"},{"@type":"ListItem","position":2,"name":"Tienda","item":"https:\/\/tiendamarcial.com\/arnobysinam\/tienda\/"},{"@type":"ListItem","position":3,"name":"Kendo Bogu Japon\u00e9s"}]},{"@type":"WebSite","@id":"https:\/\/tiendamarcial.com\/arnobysinam\/#website","url":"https:\/\/tiendamarcial.com\/arnobysinam\/","name":"Tienda Marcial Colombia","description":"Todo en implementos para Artes Marciales","potentialAction":[{"@type":"SearchAction","target":{"@type":"EntryPoint","urlTemplate":"https:\/\/tiendamarcial.com\/arnobysinam\/?s={search_term_string}"},"query-input":{"@type":"PropertyValueSpecification","valueRequired":true,"valueName":"search_term_string"}}],"inLanguage":"es"}]}},"_links":{"self":[{"href":"https:\/\/tiendamarcial.com\/arnobysinam\/wp-json\/wp\/v2\/product\/3366","targetHints":{"allow":["GET"]}}],"collection":[{"href":"https:\/\/tiendamarcial.com\/arnobysinam\/wp-json\/wp\/v2\/product"}],"about":[{"href":"https:\/\/tiendamarcial.com\/arnobysinam\/wp-json\/wp\/v2\/types\/product"}],"version-history":[{"count":3,"href":"https:\/\/tiendamarcial.com\/arnobysinam\/wp-json\/wp\/v2\/product\/3366\/revisions"}],"predecessor-version":[{"id":3376,"href":"https:\/\/tiendamarcial.com\/arnobysinam\/wp-json\/wp\/v2\/product\/3366\/revisions\/3376"}],"wp:featuredmedia":[{"embeddable":true,"href":"https:\/\/tiendamarcial.com\/arnobysinam\/wp-json\/wp\/v2\/media\/3368"}],"wp:attachment":[{"href":"https:\/\/tiendamarcial.com\/arnobysinam\/wp-json\/wp\/v2\/media?parent=3366"}],"wp:term":[{"taxonomy":"product_brand","embeddable":true,"href":"https:\/\/tiendamarcial.com\/arnobysinam\/wp-json\/wp\/v2\/product_brand?post=3366"},{"taxonomy":"product_cat","embeddable":true,"href":"https:\/\/tiendamarcial.com\/arnobysinam\/wp-json\/wp\/v2\/product_cat?post=3366"},{"taxonomy":"product_tag","embeddable":true,"href":"https:\/\/tiendamarcial.com\/arnobysinam\/wp-json\/wp\/v2\/product_tag?post=3366"}],"curies":[{"name":"wp","href":"https:\/\/api.w.org\/{rel}","templated":true}]}}