{"id":3107,"date":"2023-08-30T21:12:49","date_gmt":"2023-08-31T02:12:49","guid":{"rendered":"https:\/\/tiendamarcial.com\/arnobysinam\/?post_type=product&#038;p=3107"},"modified":"2023-09-14T21:32:11","modified_gmt":"2023-09-15T02:32:11","slug":"banda-articulaciones-rdx-wx-boxeo-amarillas","status":"publish","type":"product","link":"https:\/\/tiendamarcial.com\/arnobysinam\/producto\/banda-articulaciones-rdx-wx-boxeo-amarillas\/","title":{"rendered":"Banda articulaciones RDX WX Boxeo &#8211; Amarillas"},"content":{"rendered":"<p>Estas vendas (bandas) para las manos de grosor mejorado ofrecen una protecci\u00f3n superior a todas las dem\u00e1s bandas de <strong>BOXEO<\/strong> y <strong>MMA<\/strong>. Por lo tanto, es la armadura definitiva para usar debajo de los guantes en el entrenamiento de deportes de contacto, estas son imprescindibles en tu equipo de gimnasio. Se enrollan f\u00e1cilmente para una aplicaci\u00f3n y almacenamiento sencillos; y cuentan con un lazo para el pulgar para m\u00e1xima seguridad, vienen en una longitud enorme de 4.5 metros para un soporte de envoltura imbatible, y presentan una construcci\u00f3n extra gruesa para mantener los huesos fr\u00e1giles protegidos de da\u00f1os. Dise\u00f1adas con un ligero toque de el\u00e1stico especial para adaptarse f\u00e1cilmente a tu mano, adem\u00e1s de un extremo de gancho y bucle para un cierre seguro y la m\u00e1xima comodidad.<\/p>\n<p>Tejido de fibra de carbono extra grueso para una protecci\u00f3n mejorada de las manos. Lazo para el pulgar de f\u00e1cil uso para mayor seguridad y retenci\u00f3n de posici\u00f3n. El\u00e1stico especial dise\u00f1ado para adaptarse a la forma de tu mano. Cierre Quick-EZ\u2122 de gancho y bucle para un ajuste seguro y f\u00e1cil ajustabilidad.<\/p>\n<p>No escatimes en protecci\u00f3n, ya que estas vendas te brindar\u00e1n la tranquilidad y el soporte que necesitas para entrenar con confianza.<\/p>\n<p><strong>\u00a1Prep\u00e1rate para enfrentar cada desaf\u00edo con las vendas de mano de grosor mejorado, la opci\u00f3n \u00f3ptima para el entrenamiento en deportes de contacto!<\/strong><\/p>\n","protected":false},"excerpt":{"rendered":"<p style=\"text-align: justify;\">Estas vendas (bandas) para las manos de grosor mejorado ofrecen una protecci\u00f3n superior a todas las dem\u00e1s bandas de <strong>BOXEO<\/strong> y <strong>MMA<\/strong>. Por lo tanto, es la armadura definitiva para usar debajo de los guantes en el entrenamiento de deportes de contacto, estas son imprescindibles en tu equipo de gimnasio.<\/p>\n","protected":false},"featured_media":3109,"template":"","meta":[],"product_brand":[],"product_cat":[397,33],"product_tag":[400,362,279,401,395,74],"class_list":{"0":"post-3107","1":"product","2":"type-product","3":"status-publish","4":"has-post-thumbnail","6":"product_cat-guantes","7":"product_cat-protectores","8":"product_tag-articulaciones","9":"product_tag-banda","10":"product_tag-boxeo","11":"product_tag-hand-wraps","12":"product_tag-manos","13":"product_tag-protector","15":"first","16":"instock","17":"shipping-taxable","18":"purchasable","19":"product-type-simple"},"yoast_head":"<!-- This site is optimized with the Yoast SEO plugin v26.8 - https:\/\/yoast.com\/product\/yoast-seo-wordpress\/ -->\n<title>Banda articulaciones RDX WX Boxeo - Amarillas - Tienda Marcial Colombia<\/title>\n<meta name=\"robots\" content=\"index, follow, max-snippet:-1, max-image-preview:large, max-video-preview:-1\" \/>\n<link rel=\"canonical\" href=\"https:\/\/tiendamarcial.com\/arnobysinam\/producto\/banda-articulaciones-rdx-wx-boxeo-amarillas\/\" \/>\n<meta property=\"og:locale\" content=\"es_ES\" \/>\n<meta property=\"og:type\" content=\"article\" \/>\n<meta property=\"og:title\" content=\"Banda articulaciones RDX WX Boxeo - Amarillas - Tienda Marcial Colombia\" \/>\n<meta property=\"og:description\" content=\"Estas vendas (bandas) para las manos de grosor mejorado ofrecen una protecci\u00f3n superior a todas las dem\u00e1s bandas de BOXEO y MMA. Por lo tanto, es la armadura definitiva para usar debajo de los guantes en el entrenamiento de deportes de contacto, estas son imprescindibles en tu equipo de gimnasio.\" \/>\n<meta property=\"og:url\" content=\"https:\/\/tiendamarcial.com\/arnobysinam\/producto\/banda-articulaciones-rdx-wx-boxeo-amarillas\/\" \/>\n<meta property=\"og:site_name\" content=\"Tienda Marcial Colombia\" \/>\n<meta property=\"article:publisher\" content=\"https:\/\/www.facebook.com\/TiendaMarcial\" \/>\n<meta property=\"article:modified_time\" content=\"2023-09-15T02:32:11+00:00\" \/>\n<meta property=\"og:image\" content=\"https:\/\/tiendamarcial.com\/arnobysinam\/wp-content\/uploads\/2023\/08\/PRHG003.jpg\" \/>\n\t<meta property=\"og:image:width\" content=\"600\" \/>\n\t<meta property=\"og:image:height\" content=\"600\" \/>\n\t<meta property=\"og:image:type\" content=\"image\/jpeg\" \/>\n<meta name=\"twitter:card\" content=\"summary_large_image\" \/>\n<meta name=\"twitter:site\" content=\"@TiendaMarcial\" \/>\n<meta name=\"twitter:label1\" content=\"Tiempo de lectura\" \/>\n\t<meta name=\"twitter:data1\" content=\"1 minuto\" \/>\n<script type=\"application\/ld+json\" class=\"yoast-schema-graph\">{\"@context\":\"https:\/\/schema.org\",\"@graph\":[{\"@type\":\"WebPage\",\"@id\":\"https:\/\/tiendamarcial.com\/arnobysinam\/producto\/banda-articulaciones-rdx-wx-boxeo-amarillas\/\",\"url\":\"https:\/\/tiendamarcial.com\/arnobysinam\/producto\/banda-articulaciones-rdx-wx-boxeo-amarillas\/\",\"name\":\"Banda articulaciones RDX WX Boxeo - Amarillas - Tienda Marcial Colombia\",\"isPartOf\":{\"@id\":\"https:\/\/tiendamarcial.com\/arnobysinam\/#website\"},\"primaryImageOfPage\":{\"@id\":\"https:\/\/tiendamarcial.com\/arnobysinam\/producto\/banda-articulaciones-rdx-wx-boxeo-amarillas\/#primaryimage\"},\"image\":{\"@id\":\"https:\/\/tiendamarcial.com\/arnobysinam\/producto\/banda-articulaciones-rdx-wx-boxeo-amarillas\/#primaryimage\"},\"thumbnailUrl\":\"https:\/\/tiendamarcial.com\/arnobysinam\/wp-content\/uploads\/2023\/08\/PRHG003.jpg\",\"datePublished\":\"2023-08-31T02:12:49+00:00\",\"dateModified\":\"2023-09-15T02:32:11+00:00\",\"breadcrumb\":{\"@id\":\"https:\/\/tiendamarcial.com\/arnobysinam\/producto\/banda-articulaciones-rdx-wx-boxeo-amarillas\/#breadcrumb\"},\"inLanguage\":\"es\",\"potentialAction\":[{\"@type\":\"ReadAction\",\"target\":[\"https:\/\/tiendamarcial.com\/arnobysinam\/producto\/banda-articulaciones-rdx-wx-boxeo-amarillas\/\"]}]},{\"@type\":\"ImageObject\",\"inLanguage\":\"es\",\"@id\":\"https:\/\/tiendamarcial.com\/arnobysinam\/producto\/banda-articulaciones-rdx-wx-boxeo-amarillas\/#primaryimage\",\"url\":\"https:\/\/tiendamarcial.com\/arnobysinam\/wp-content\/uploads\/2023\/08\/PRHG003.jpg\",\"contentUrl\":\"https:\/\/tiendamarcial.com\/arnobysinam\/wp-content\/uploads\/2023\/08\/PRHG003.jpg\",\"width\":600,\"height\":600},{\"@type\":\"BreadcrumbList\",\"@id\":\"https:\/\/tiendamarcial.com\/arnobysinam\/producto\/banda-articulaciones-rdx-wx-boxeo-amarillas\/#breadcrumb\",\"itemListElement\":[{\"@type\":\"ListItem\",\"position\":1,\"name\":\"Portada\",\"item\":\"https:\/\/tiendamarcial.com\/arnobysinam\/\"},{\"@type\":\"ListItem\",\"position\":2,\"name\":\"Tienda\",\"item\":\"https:\/\/tiendamarcial.com\/arnobysinam\/tienda\/\"},{\"@type\":\"ListItem\",\"position\":3,\"name\":\"Banda articulaciones RDX WX Boxeo &#8211; Amarillas\"}]},{\"@type\":\"WebSite\",\"@id\":\"https:\/\/tiendamarcial.com\/arnobysinam\/#website\",\"url\":\"https:\/\/tiendamarcial.com\/arnobysinam\/\",\"name\":\"Tienda Marcial Colombia\",\"description\":\"Todo en implementos para Artes Marciales\",\"potentialAction\":[{\"@type\":\"SearchAction\",\"target\":{\"@type\":\"EntryPoint\",\"urlTemplate\":\"https:\/\/tiendamarcial.com\/arnobysinam\/?s={search_term_string}\"},\"query-input\":{\"@type\":\"PropertyValueSpecification\",\"valueRequired\":true,\"valueName\":\"search_term_string\"}}],\"inLanguage\":\"es\"}]}<\/script>\n<!-- \/ Yoast SEO plugin. -->","yoast_head_json":{"title":"Banda articulaciones RDX WX Boxeo - Amarillas - Tienda Marcial Colombia","robots":{"index":"index","follow":"follow","max-snippet":"max-snippet:-1","max-image-preview":"max-image-preview:large","max-video-preview":"max-video-preview:-1"},"canonical":"https:\/\/tiendamarcial.com\/arnobysinam\/producto\/banda-articulaciones-rdx-wx-boxeo-amarillas\/","og_locale":"es_ES","og_type":"article","og_title":"Banda articulaciones RDX WX Boxeo - Amarillas - Tienda Marcial Colombia","og_description":"Estas vendas (bandas) para las manos de grosor mejorado ofrecen una protecci\u00f3n superior a todas las dem\u00e1s bandas de BOXEO y MMA. Por lo tanto, es la armadura definitiva para usar debajo de los guantes en el entrenamiento de deportes de contacto, estas son imprescindibles en tu equipo de gimnasio.","og_url":"https:\/\/tiendamarcial.com\/arnobysinam\/producto\/banda-articulaciones-rdx-wx-boxeo-amarillas\/","og_site_name":"Tienda Marcial Colombia","article_publisher":"https:\/\/www.facebook.com\/TiendaMarcial","article_modified_time":"2023-09-15T02:32:11+00:00","og_image":[{"width":600,"height":600,"url":"https:\/\/tiendamarcial.com\/arnobysinam\/wp-content\/uploads\/2023\/08\/PRHG003.jpg","type":"image\/jpeg"}],"twitter_card":"summary_large_image","twitter_site":"@TiendaMarcial","twitter_misc":{"Tiempo de lectura":"1 minuto"},"schema":{"@context":"https:\/\/schema.org","@graph":[{"@type":"WebPage","@id":"https:\/\/tiendamarcial.com\/arnobysinam\/producto\/banda-articulaciones-rdx-wx-boxeo-amarillas\/","url":"https:\/\/tiendamarcial.com\/arnobysinam\/producto\/banda-articulaciones-rdx-wx-boxeo-amarillas\/","name":"Banda articulaciones RDX WX Boxeo - Amarillas - Tienda Marcial Colombia","isPartOf":{"@id":"https:\/\/tiendamarcial.com\/arnobysinam\/#website"},"primaryImageOfPage":{"@id":"https:\/\/tiendamarcial.com\/arnobysinam\/producto\/banda-articulaciones-rdx-wx-boxeo-amarillas\/#primaryimage"},"image":{"@id":"https:\/\/tiendamarcial.com\/arnobysinam\/producto\/banda-articulaciones-rdx-wx-boxeo-amarillas\/#primaryimage"},"thumbnailUrl":"https:\/\/tiendamarcial.com\/arnobysinam\/wp-content\/uploads\/2023\/08\/PRHG003.jpg","datePublished":"2023-08-31T02:12:49+00:00","dateModified":"2023-09-15T02:32:11+00:00","breadcrumb":{"@id":"https:\/\/tiendamarcial.com\/arnobysinam\/producto\/banda-articulaciones-rdx-wx-boxeo-amarillas\/#breadcrumb"},"inLanguage":"es","potentialAction":[{"@type":"ReadAction","target":["https:\/\/tiendamarcial.com\/arnobysinam\/producto\/banda-articulaciones-rdx-wx-boxeo-amarillas\/"]}]},{"@type":"ImageObject","inLanguage":"es","@id":"https:\/\/tiendamarcial.com\/arnobysinam\/producto\/banda-articulaciones-rdx-wx-boxeo-amarillas\/#primaryimage","url":"https:\/\/tiendamarcial.com\/arnobysinam\/wp-content\/uploads\/2023\/08\/PRHG003.jpg","contentUrl":"https:\/\/tiendamarcial.com\/arnobysinam\/wp-content\/uploads\/2023\/08\/PRHG003.jpg","width":600,"height":600},{"@type":"BreadcrumbList","@id":"https:\/\/tiendamarcial.com\/arnobysinam\/producto\/banda-articulaciones-rdx-wx-boxeo-amarillas\/#breadcrumb","itemListElement":[{"@type":"ListItem","position":1,"name":"Portada","item":"https:\/\/tiendamarcial.com\/arnobysinam\/"},{"@type":"ListItem","position":2,"name":"Tienda","item":"https:\/\/tiendamarcial.com\/arnobysinam\/tienda\/"},{"@type":"ListItem","position":3,"name":"Banda articulaciones RDX WX Boxeo &#8211; Amarillas"}]},{"@type":"WebSite","@id":"https:\/\/tiendamarcial.com\/arnobysinam\/#website","url":"https:\/\/tiendamarcial.com\/arnobysinam\/","name":"Tienda Marcial Colombia","description":"Todo en implementos para Artes Marciales","potentialAction":[{"@type":"SearchAction","target":{"@type":"EntryPoint","urlTemplate":"https:\/\/tiendamarcial.com\/arnobysinam\/?s={search_term_string}"},"query-input":{"@type":"PropertyValueSpecification","valueRequired":true,"valueName":"search_term_string"}}],"inLanguage":"es"}]}},"_links":{"self":[{"href":"https:\/\/tiendamarcial.com\/arnobysinam\/wp-json\/wp\/v2\/product\/3107","targetHints":{"allow":["GET"]}}],"collection":[{"href":"https:\/\/tiendamarcial.com\/arnobysinam\/wp-json\/wp\/v2\/product"}],"about":[{"href":"https:\/\/tiendamarcial.com\/arnobysinam\/wp-json\/wp\/v2\/types\/product"}],"version-history":[{"count":1,"href":"https:\/\/tiendamarcial.com\/arnobysinam\/wp-json\/wp\/v2\/product\/3107\/revisions"}],"predecessor-version":[{"id":3108,"href":"https:\/\/tiendamarcial.com\/arnobysinam\/wp-json\/wp\/v2\/product\/3107\/revisions\/3108"}],"wp:featuredmedia":[{"embeddable":true,"href":"https:\/\/tiendamarcial.com\/arnobysinam\/wp-json\/wp\/v2\/media\/3109"}],"wp:attachment":[{"href":"https:\/\/tiendamarcial.com\/arnobysinam\/wp-json\/wp\/v2\/media?parent=3107"}],"wp:term":[{"taxonomy":"product_brand","embeddable":true,"href":"https:\/\/tiendamarcial.com\/arnobysinam\/wp-json\/wp\/v2\/product_brand?post=3107"},{"taxonomy":"product_cat","embeddable":true,"href":"https:\/\/tiendamarcial.com\/arnobysinam\/wp-json\/wp\/v2\/product_cat?post=3107"},{"taxonomy":"product_tag","embeddable":true,"href":"https:\/\/tiendamarcial.com\/arnobysinam\/wp-json\/wp\/v2\/product_tag?post=3107"}],"curies":[{"name":"wp","href":"https:\/\/api.w.org\/{rel}","templated":true}]}}