{"id":3083,"date":"2023-08-30T19:52:47","date_gmt":"2023-08-31T00:52:47","guid":{"rendered":"https:\/\/tiendamarcial.com\/arnobysinam\/?post_type=product&#038;p=3083"},"modified":"2023-09-21T08:39:24","modified_gmt":"2023-09-21T13:39:24","slug":"guantes-de-grappling-mma-rojos","status":"publish","type":"product","link":"https:\/\/tiendamarcial.com\/arnobysinam\/producto\/guantes-de-grappling-mma-rojos\/","title":{"rendered":"Guantes de Grappling MMA &#8211; Rojos"},"content":{"rendered":"<p>Nuestros guantes de agarre para <strong>MMA<\/strong> con tecnolog\u00eda avanzada ofrecen una fortificaci\u00f3n definitiva para las manos de los luchadores, dise\u00f1ados para proteger contra cada jab, gancho o pu\u00f1etazo mientras mejoran la t\u00e9cnica de golpeo en el entrenamiento. Con un acolchado superior que disipa los impactos, una mayor transpirabilidad y un agarre impresionante, un forro que elimina el sudor y un soporte ajustable para la mu\u00f1eca, estos guantes de lucha o guantes para entrenamiento en tula ofrecen una protecci\u00f3n inigualable. Y con su dise\u00f1o contorneado \u00fanico, puedes beneficiarte de una alineaci\u00f3n adecuada de las manos para prevenir lesiones. Una protecci\u00f3n incre\u00edble para las manos y los nudillos. Una armadura sofisticada para los mejores luchadores de <strong>MMA<\/strong>.<\/p>\n<p>Material duradero MAYA HIDE\u2122 para unos guantes de entrenamiento de <strong>MMA<\/strong> resistentes que perduran y perduran. Acolchado PC-3\u2122 para una absorci\u00f3n de impactos imbatible y amortiguaci\u00f3n contra cada golpe. Palma D.Cut\u2122 con funda de pulgar ventilada para proporcionarte un mejor agarre. Forro QD-1\u2122 para eliminar la humedad y mantener tus manos secas, saludables y limpias. Cierre Quick-EZ\u2122 Hook-and-loop para brindar soporte a las mu\u00f1ecas y ofrecer un ajuste c\u00f3modo y ce\u00f1ido.<\/p>\n<p>Con nuestros guantes de agarre avanzados, estar\u00e1s equipado para enfrentar cada desaf\u00edo en el mundo del <strong>MMA<\/strong>. Desde la piel Maya Hide\u2122 duradera hasta el acolchado de tecnolog\u00eda PC-3\u2122, cada caracter\u00edstica est\u00e1 dise\u00f1ada para brindarte el m\u00e1ximo rendimiento y protecci\u00f3n. No comprometas tu seguridad ni tu t\u00e9cnica, ya que estos guantes te permitir\u00e1n elevar tu juego al siguiente nivel.<\/p>\n<p><strong>\u00a1Prep\u00e1rate para luchar con confianza y poder con los guantes de agarre para MMA de tecnolog\u00eda avanzada!<\/strong><\/p>\n","protected":false},"excerpt":{"rendered":"<p style=\"text-align: justify;\">Nuestros guantes de agarre para <strong>MMA<\/strong> con tecnolog\u00eda avanzada ofrecen una fortificaci\u00f3n definitiva para las manos de los luchadores, dise\u00f1ados para proteger contra cada jab, gancho o pu\u00f1etazo mientras mejoran la t\u00e9cnica de golpeo en el entrenamiento.<\/p>\n","protected":false},"featured_media":3085,"template":"","meta":[],"product_brand":[],"product_cat":[397],"product_tag":[399,214,395,72,74],"class_list":{"0":"post-3083","1":"product","2":"type-product","3":"status-publish","4":"has-post-thumbnail","6":"product_cat-guantes","7":"product_tag-grappling","8":"product_tag-guantes","9":"product_tag-manos","10":"product_tag-mma","11":"product_tag-protector","12":"pa_talla-s","13":"pa_talla-m","14":"pa_talla-l","15":"pa_talla-xl","17":"first","18":"instock","19":"shipping-taxable","20":"purchasable","21":"product-type-variable"},"yoast_head":"<!-- This site is optimized with the Yoast SEO plugin v26.8 - https:\/\/yoast.com\/product\/yoast-seo-wordpress\/ -->\n<title>Guantes de Grappling MMA - Rojos - Tienda Marcial Colombia<\/title>\n<meta name=\"robots\" content=\"index, follow, max-snippet:-1, max-image-preview:large, max-video-preview:-1\" \/>\n<link rel=\"canonical\" href=\"https:\/\/tiendamarcial.com\/arnobysinam\/producto\/guantes-de-grappling-mma-rojos\/\" \/>\n<meta property=\"og:locale\" content=\"es_ES\" \/>\n<meta property=\"og:type\" content=\"article\" \/>\n<meta property=\"og:title\" content=\"Guantes de Grappling MMA - Rojos - Tienda Marcial Colombia\" \/>\n<meta property=\"og:description\" content=\"Nuestros guantes de agarre para MMA con tecnolog\u00eda avanzada ofrecen una fortificaci\u00f3n definitiva para las manos de los luchadores, dise\u00f1ados para proteger contra cada jab, gancho o pu\u00f1etazo mientras mejoran la t\u00e9cnica de golpeo en el entrenamiento.\" \/>\n<meta property=\"og:url\" content=\"https:\/\/tiendamarcial.com\/arnobysinam\/producto\/guantes-de-grappling-mma-rojos\/\" \/>\n<meta property=\"og:site_name\" content=\"Tienda Marcial Colombia\" \/>\n<meta property=\"article:publisher\" content=\"https:\/\/www.facebook.com\/TiendaMarcial\" \/>\n<meta property=\"article:modified_time\" content=\"2023-09-21T13:39:24+00:00\" \/>\n<meta property=\"og:image\" content=\"https:\/\/tiendamarcial.com\/arnobysinam\/wp-content\/uploads\/2023\/08\/PRGG120.jpg\" \/>\n\t<meta property=\"og:image:width\" content=\"600\" \/>\n\t<meta property=\"og:image:height\" content=\"600\" \/>\n\t<meta property=\"og:image:type\" content=\"image\/jpeg\" \/>\n<meta name=\"twitter:card\" content=\"summary_large_image\" \/>\n<meta name=\"twitter:site\" content=\"@TiendaMarcial\" \/>\n<meta name=\"twitter:label1\" content=\"Tiempo de lectura\" \/>\n\t<meta name=\"twitter:data1\" content=\"2 minutos\" \/>\n<script type=\"application\/ld+json\" class=\"yoast-schema-graph\">{\"@context\":\"https:\/\/schema.org\",\"@graph\":[{\"@type\":\"WebPage\",\"@id\":\"https:\/\/tiendamarcial.com\/arnobysinam\/producto\/guantes-de-grappling-mma-rojos\/\",\"url\":\"https:\/\/tiendamarcial.com\/arnobysinam\/producto\/guantes-de-grappling-mma-rojos\/\",\"name\":\"Guantes de Grappling MMA - Rojos - Tienda Marcial Colombia\",\"isPartOf\":{\"@id\":\"https:\/\/tiendamarcial.com\/arnobysinam\/#website\"},\"primaryImageOfPage\":{\"@id\":\"https:\/\/tiendamarcial.com\/arnobysinam\/producto\/guantes-de-grappling-mma-rojos\/#primaryimage\"},\"image\":{\"@id\":\"https:\/\/tiendamarcial.com\/arnobysinam\/producto\/guantes-de-grappling-mma-rojos\/#primaryimage\"},\"thumbnailUrl\":\"https:\/\/tiendamarcial.com\/arnobysinam\/wp-content\/uploads\/2023\/08\/PRGG120.jpg\",\"datePublished\":\"2023-08-31T00:52:47+00:00\",\"dateModified\":\"2023-09-21T13:39:24+00:00\",\"breadcrumb\":{\"@id\":\"https:\/\/tiendamarcial.com\/arnobysinam\/producto\/guantes-de-grappling-mma-rojos\/#breadcrumb\"},\"inLanguage\":\"es\",\"potentialAction\":[{\"@type\":\"ReadAction\",\"target\":[\"https:\/\/tiendamarcial.com\/arnobysinam\/producto\/guantes-de-grappling-mma-rojos\/\"]}]},{\"@type\":\"ImageObject\",\"inLanguage\":\"es\",\"@id\":\"https:\/\/tiendamarcial.com\/arnobysinam\/producto\/guantes-de-grappling-mma-rojos\/#primaryimage\",\"url\":\"https:\/\/tiendamarcial.com\/arnobysinam\/wp-content\/uploads\/2023\/08\/PRGG120.jpg\",\"contentUrl\":\"https:\/\/tiendamarcial.com\/arnobysinam\/wp-content\/uploads\/2023\/08\/PRGG120.jpg\",\"width\":600,\"height\":600},{\"@type\":\"BreadcrumbList\",\"@id\":\"https:\/\/tiendamarcial.com\/arnobysinam\/producto\/guantes-de-grappling-mma-rojos\/#breadcrumb\",\"itemListElement\":[{\"@type\":\"ListItem\",\"position\":1,\"name\":\"Portada\",\"item\":\"https:\/\/tiendamarcial.com\/arnobysinam\/\"},{\"@type\":\"ListItem\",\"position\":2,\"name\":\"Tienda\",\"item\":\"https:\/\/tiendamarcial.com\/arnobysinam\/tienda\/\"},{\"@type\":\"ListItem\",\"position\":3,\"name\":\"Guantes de Grappling MMA &#8211; Rojos\"}]},{\"@type\":\"WebSite\",\"@id\":\"https:\/\/tiendamarcial.com\/arnobysinam\/#website\",\"url\":\"https:\/\/tiendamarcial.com\/arnobysinam\/\",\"name\":\"Tienda Marcial Colombia\",\"description\":\"Todo en implementos para Artes Marciales\",\"potentialAction\":[{\"@type\":\"SearchAction\",\"target\":{\"@type\":\"EntryPoint\",\"urlTemplate\":\"https:\/\/tiendamarcial.com\/arnobysinam\/?s={search_term_string}\"},\"query-input\":{\"@type\":\"PropertyValueSpecification\",\"valueRequired\":true,\"valueName\":\"search_term_string\"}}],\"inLanguage\":\"es\"}]}<\/script>\n<!-- \/ Yoast SEO plugin. -->","yoast_head_json":{"title":"Guantes de Grappling MMA - Rojos - Tienda Marcial Colombia","robots":{"index":"index","follow":"follow","max-snippet":"max-snippet:-1","max-image-preview":"max-image-preview:large","max-video-preview":"max-video-preview:-1"},"canonical":"https:\/\/tiendamarcial.com\/arnobysinam\/producto\/guantes-de-grappling-mma-rojos\/","og_locale":"es_ES","og_type":"article","og_title":"Guantes de Grappling MMA - Rojos - Tienda Marcial Colombia","og_description":"Nuestros guantes de agarre para MMA con tecnolog\u00eda avanzada ofrecen una fortificaci\u00f3n definitiva para las manos de los luchadores, dise\u00f1ados para proteger contra cada jab, gancho o pu\u00f1etazo mientras mejoran la t\u00e9cnica de golpeo en el entrenamiento.","og_url":"https:\/\/tiendamarcial.com\/arnobysinam\/producto\/guantes-de-grappling-mma-rojos\/","og_site_name":"Tienda Marcial Colombia","article_publisher":"https:\/\/www.facebook.com\/TiendaMarcial","article_modified_time":"2023-09-21T13:39:24+00:00","og_image":[{"width":600,"height":600,"url":"https:\/\/tiendamarcial.com\/arnobysinam\/wp-content\/uploads\/2023\/08\/PRGG120.jpg","type":"image\/jpeg"}],"twitter_card":"summary_large_image","twitter_site":"@TiendaMarcial","twitter_misc":{"Tiempo de lectura":"2 minutos"},"schema":{"@context":"https:\/\/schema.org","@graph":[{"@type":"WebPage","@id":"https:\/\/tiendamarcial.com\/arnobysinam\/producto\/guantes-de-grappling-mma-rojos\/","url":"https:\/\/tiendamarcial.com\/arnobysinam\/producto\/guantes-de-grappling-mma-rojos\/","name":"Guantes de Grappling MMA - Rojos - Tienda Marcial Colombia","isPartOf":{"@id":"https:\/\/tiendamarcial.com\/arnobysinam\/#website"},"primaryImageOfPage":{"@id":"https:\/\/tiendamarcial.com\/arnobysinam\/producto\/guantes-de-grappling-mma-rojos\/#primaryimage"},"image":{"@id":"https:\/\/tiendamarcial.com\/arnobysinam\/producto\/guantes-de-grappling-mma-rojos\/#primaryimage"},"thumbnailUrl":"https:\/\/tiendamarcial.com\/arnobysinam\/wp-content\/uploads\/2023\/08\/PRGG120.jpg","datePublished":"2023-08-31T00:52:47+00:00","dateModified":"2023-09-21T13:39:24+00:00","breadcrumb":{"@id":"https:\/\/tiendamarcial.com\/arnobysinam\/producto\/guantes-de-grappling-mma-rojos\/#breadcrumb"},"inLanguage":"es","potentialAction":[{"@type":"ReadAction","target":["https:\/\/tiendamarcial.com\/arnobysinam\/producto\/guantes-de-grappling-mma-rojos\/"]}]},{"@type":"ImageObject","inLanguage":"es","@id":"https:\/\/tiendamarcial.com\/arnobysinam\/producto\/guantes-de-grappling-mma-rojos\/#primaryimage","url":"https:\/\/tiendamarcial.com\/arnobysinam\/wp-content\/uploads\/2023\/08\/PRGG120.jpg","contentUrl":"https:\/\/tiendamarcial.com\/arnobysinam\/wp-content\/uploads\/2023\/08\/PRGG120.jpg","width":600,"height":600},{"@type":"BreadcrumbList","@id":"https:\/\/tiendamarcial.com\/arnobysinam\/producto\/guantes-de-grappling-mma-rojos\/#breadcrumb","itemListElement":[{"@type":"ListItem","position":1,"name":"Portada","item":"https:\/\/tiendamarcial.com\/arnobysinam\/"},{"@type":"ListItem","position":2,"name":"Tienda","item":"https:\/\/tiendamarcial.com\/arnobysinam\/tienda\/"},{"@type":"ListItem","position":3,"name":"Guantes de Grappling MMA &#8211; Rojos"}]},{"@type":"WebSite","@id":"https:\/\/tiendamarcial.com\/arnobysinam\/#website","url":"https:\/\/tiendamarcial.com\/arnobysinam\/","name":"Tienda Marcial Colombia","description":"Todo en implementos para Artes Marciales","potentialAction":[{"@type":"SearchAction","target":{"@type":"EntryPoint","urlTemplate":"https:\/\/tiendamarcial.com\/arnobysinam\/?s={search_term_string}"},"query-input":{"@type":"PropertyValueSpecification","valueRequired":true,"valueName":"search_term_string"}}],"inLanguage":"es"}]}},"_links":{"self":[{"href":"https:\/\/tiendamarcial.com\/arnobysinam\/wp-json\/wp\/v2\/product\/3083","targetHints":{"allow":["GET"]}}],"collection":[{"href":"https:\/\/tiendamarcial.com\/arnobysinam\/wp-json\/wp\/v2\/product"}],"about":[{"href":"https:\/\/tiendamarcial.com\/arnobysinam\/wp-json\/wp\/v2\/types\/product"}],"version-history":[{"count":3,"href":"https:\/\/tiendamarcial.com\/arnobysinam\/wp-json\/wp\/v2\/product\/3083\/revisions"}],"predecessor-version":[{"id":3089,"href":"https:\/\/tiendamarcial.com\/arnobysinam\/wp-json\/wp\/v2\/product\/3083\/revisions\/3089"}],"wp:featuredmedia":[{"embeddable":true,"href":"https:\/\/tiendamarcial.com\/arnobysinam\/wp-json\/wp\/v2\/media\/3085"}],"wp:attachment":[{"href":"https:\/\/tiendamarcial.com\/arnobysinam\/wp-json\/wp\/v2\/media?parent=3083"}],"wp:term":[{"taxonomy":"product_brand","embeddable":true,"href":"https:\/\/tiendamarcial.com\/arnobysinam\/wp-json\/wp\/v2\/product_brand?post=3083"},{"taxonomy":"product_cat","embeddable":true,"href":"https:\/\/tiendamarcial.com\/arnobysinam\/wp-json\/wp\/v2\/product_cat?post=3083"},{"taxonomy":"product_tag","embeddable":true,"href":"https:\/\/tiendamarcial.com\/arnobysinam\/wp-json\/wp\/v2\/product_tag?post=3083"}],"curies":[{"name":"wp","href":"https:\/\/api.w.org\/{rel}","templated":true}]}}