{"id":157,"date":"2023-06-22T03:22:07","date_gmt":"2023-06-22T03:22:07","guid":{"rendered":"https:\/\/tiendamarcial.com\/arnobysinam\/?page_id=157"},"modified":"2023-07-28T19:40:12","modified_gmt":"2023-07-28T19:40:12","slug":"garantia","status":"publish","type":"page","link":"https:\/\/tiendamarcial.com\/arnobysinam\/garantia\/","title":{"rendered":"Garant\u00eda"},"content":{"rendered":"\t\t<div data-elementor-type=\"wp-page\" data-elementor-id=\"157\" class=\"elementor elementor-157\" data-elementor-post-type=\"page\">\n\t\t\t\t<div class=\"elementor-element elementor-element-e72dd3b e-flex e-con-boxed e-con e-parent\" data-id=\"e72dd3b\" data-element_type=\"container\" data-e-type=\"container\">\n\t\t\t\t\t<div class=\"e-con-inner\">\n\t\t\t\t<div class=\"elementor-element elementor-element-5f617fa elementor-widget elementor-widget-image\" data-id=\"5f617fa\" data-element_type=\"widget\" data-e-type=\"widget\" data-widget_type=\"image.default\">\n\t\t\t\t<div class=\"elementor-widget-container\">\n\t\t\t\t\t\t\t\t\t\t\t\t\t\t\t<img fetchpriority=\"high\" decoding=\"async\" width=\"1920\" height=\"600\" src=\"https:\/\/tiendamarcial.com\/arnobysinam\/wp-content\/uploads\/2023\/07\/Banner-garantia.png\" class=\"attachment-full size-full wp-image-1503\" alt=\"\" srcset=\"https:\/\/tiendamarcial.com\/arnobysinam\/wp-content\/uploads\/2023\/07\/Banner-garantia.png 1920w, https:\/\/tiendamarcial.com\/arnobysinam\/wp-content\/uploads\/2023\/07\/Banner-garantia-800x250.png 800w, https:\/\/tiendamarcial.com\/arnobysinam\/wp-content\/uploads\/2023\/07\/Banner-garantia-300x94.png 300w, https:\/\/tiendamarcial.com\/arnobysinam\/wp-content\/uploads\/2023\/07\/Banner-garantia-1024x320.png 1024w, https:\/\/tiendamarcial.com\/arnobysinam\/wp-content\/uploads\/2023\/07\/Banner-garantia-768x240.png 768w, https:\/\/tiendamarcial.com\/arnobysinam\/wp-content\/uploads\/2023\/07\/Banner-garantia-1536x480.png 1536w, https:\/\/tiendamarcial.com\/arnobysinam\/wp-content\/uploads\/2023\/07\/Banner-garantia-1320x413.png 1320w\" sizes=\"(max-width: 1920px) 100vw, 1920px\" \/>\t\t\t\t\t\t\t\t\t\t\t\t\t\t\t<\/div>\n\t\t\t\t<\/div>\n\t\t\t\t\t<\/div>\n\t\t\t\t<\/div>\n\t\t<div class=\"elementor-element elementor-element-39c11cd e-flex e-con-boxed e-con e-parent\" data-id=\"39c11cd\" data-element_type=\"container\" data-e-type=\"container\">\n\t\t\t\t\t<div class=\"e-con-inner\">\n\t\t\t\t<div class=\"elementor-element elementor-element-194289f elementor-widget elementor-widget-heading\" data-id=\"194289f\" data-element_type=\"widget\" data-e-type=\"widget\" data-widget_type=\"heading.default\">\n\t\t\t\t<div class=\"elementor-widget-container\">\n\t\t\t\t\t<h2 class=\"elementor-heading-title elementor-size-default\">Garant\u00eda de Satisfacci\u00f3n de 8 D\u00edas en Tienda Marcial: Compra con Total Confianza<\/h2>\t\t\t\t<\/div>\n\t\t\t\t<\/div>\n\t\t\t\t<div class=\"elementor-element elementor-element-df7458f elementor-widget elementor-widget-text-editor\" data-id=\"df7458f\" data-element_type=\"widget\" data-e-type=\"widget\" data-widget_type=\"text-editor.default\">\n\t\t\t\t<div class=\"elementor-widget-container\">\n\t\t\t\t\t\t\t\t\t<p>En Tienda Marcial, la satisfacci\u00f3n de nuestros clientes es nuestra m\u00e1xima prioridad. Creemos firmemente en la calidad y el valor de nuestros productos, y es por eso que ofrecemos una garant\u00eda de satisfacci\u00f3n por 8 d\u00edas en todas las compras que realices con nosotros. Nuestro compromiso es brindarte una experiencia de compra sin preocupaciones y totalmente satisfactoria.<\/p>\n<p><b>\u00bfEn qu\u00e9 consiste nuestra Garant\u00eda de Satisfacci\u00f3n de 8 D\u00edas?<\/b><\/p>\n<p>Nuestra garant\u00eda es simple y directa; si en alg\u00fan momento dentro de los 8 d\u00edas posteriores a la recepci\u00f3n de tu compra, no est\u00e1s completamente satisfecho con el producto adquirido, podr\u00e1s solicitar la devoluci\u00f3n del mismo y te reembolsaremos el monto total de tu compra.<\/p>\n<p><b>Proceso de Devoluci\u00f3n:<\/b><\/p>\n<p>Para hacer uso de nuestra Garant\u00eda de Satisfacci\u00f3n, te pedimos seguir el siguiente procedimiento:<\/p>\n<ol>\n<li><b>Comunicaci\u00f3n:<\/b> Deber\u00e1s contactar a nuestro equipo de atenci\u00f3n al cliente dentro de los primeros 8 d\u00edas posteriores a la recepci\u00f3n del producto. Puedes hacerlo a trav\u00e9s de nuestro sitio web, correo electr\u00f3nico o v\u00eda telef\u00f3nica.<\/li>\n<li><b>Detalles de la Compra:<\/b> Para procesar la devoluci\u00f3n, ser\u00e1 necesario que nos proporciones los detalles de tu compra, como el n\u00famero de orden, el nombre del producto y una breve explicaci\u00f3n de los motivos de la devoluci\u00f3n. Tu opini\u00f3n es valiosa para nosotros, ya que nos ayuda a mejorar continuamente nuestros productos y servicios.<\/li>\n<li><b>Estado del Producto:<\/b> Aseg\u00farate de que el producto se encuentre en su estado original y en las mismas condiciones en las que fue entregado. Para poder realizar la devoluci\u00f3n, es importante que el art\u00edculo no haya sido usado de manera indebida o sufra da\u00f1os por negligencia.<\/li>\n<li><b>Costos de Devoluci\u00f3n:<\/b> Si bien nuestra Garant\u00eda de Satisfacci\u00f3n cubre el reembolso total del producto, es importante destacar que los gastos de env\u00edo y devoluci\u00f3n ser\u00e1n asumidos por el comprador. Te recomendamos asegurar el paquete y utilizar un servicio de env\u00edo con seguimiento para evitar problemas durante el transporte.<\/li>\n<li><b>Reembolso:<\/b> Una vez que hayamos recibido y revisado el producto devuelto, procederemos a realizar el reembolso del importe correspondiente en la misma forma de pago utilizada en la compra original. El tiempo de procesamiento puede variar seg\u00fan las pol\u00edticas de tu entidad bancaria, pero haremos todo lo posible para que el proceso sea lo m\u00e1s \u00e1gil posible.<\/li>\n<\/ol>\n<p><b>Exclusiones de la Garant\u00eda:<\/b><\/p>\n<p>Es importante tener en cuenta que nuestra Garant\u00eda de Satisfacci\u00f3n no aplica en los siguientes casos:<\/p>\n<ul>\n<li>Productos da\u00f1ados por un mal uso o negligencia del cliente.<\/li>\n<li>Desgaste normal del producto debido al uso regular.<\/li>\n<li>Productos que hayan sido alterados o modificados por terceros.<\/li>\n<\/ul><div><br><\/div>\n<p>En Tienda Marcial, estamos seguros de la calidad de nuestros productos y esperamos que disfrutes de cada compra que realices con nosotros. Sin embargo, si en alg\u00fan momento no est\u00e1s completamente satisfecho, estaremos aqu\u00ed para brindarte una soluci\u00f3n r\u00e1pida y efectiva a trav\u00e9s de nuestra Garant\u00eda de Satisfacci\u00f3n de 8 D\u00edas.<\/p>\n<p>Agradecemos tu confianza en nuestra empresa y esperamos seguir siendo tu opci\u00f3n preferida para todas tus compras relacionadas con art\u00edculos para Artes Marciales y deportivos. Si tienes alguna pregunta o inquietud adicional sobre nuestra garant\u00eda, no dudes en contactar a nuestro equipo de atenci\u00f3n al cliente, quienes estar\u00e1n encantados de asistirte en todo momento.<\/p>\n<p>\u00a1Gracias por elegir <strong>Tienda Marcial<\/strong>!<\/p>\n<p><strong>Medios de contacto:<\/strong><\/p>\n<p><strong>M\u00f3vil:<\/strong> 318-521047 09<\/p>\n<p><strong>Whatsapp:<\/strong> 318-521 47 09<\/p>\n<p><strong>E-mail:<\/strong> info@TiendaMarcial.com<\/p>\t\t\t\t\t\t\t\t<\/div>\n\t\t\t\t<\/div>\n\t\t\t\t\t<\/div>\n\t\t\t\t<\/div>\n\t\t<div class=\"elementor-element elementor-element-95997e1 e-flex e-con-boxed e-con e-parent\" data-id=\"95997e1\" data-element_type=\"container\" data-e-type=\"container\">\n\t\t\t\t\t<div class=\"e-con-inner\">\n\t\t<div class=\"elementor-element elementor-element-a942ef0 e-con-full e-flex e-con e-parent\" data-id=\"a942ef0\" data-element_type=\"container\" data-e-type=\"container\">\n\t\t\t\t<div class=\"elementor-element elementor-element-6f5eccf elementor-view-default elementor-widget elementor-widget-icon\" data-id=\"6f5eccf\" data-element_type=\"widget\" data-e-type=\"widget\" data-widget_type=\"icon.default\">\n\t\t\t\t<div class=\"elementor-widget-container\">\n\t\t\t\t\t\t\t<div class=\"elementor-icon-wrapper\">\n\t\t\t<a class=\"elementor-icon\" href=\"https:\/\/tiendamarcial.com\/arnobysinam\/index.php\/envios\/\">\n\t\t\t<svg aria-hidden=\"true\" class=\"e-font-icon-svg e-far-caret-square-left\" viewBox=\"0 0 448 512\" xmlns=\"http:\/\/www.w3.org\/2000\/svg\"><path d=\"M272 157.1v197.8c0 10.7-13 16.1-20.5 8.5l-98.3-98.9c-4.7-4.7-4.7-12.2 0-16.9l98.3-98.9c7.5-7.7 20.5-2.3 20.5 8.4zM448 80v352c0 26.5-21.5 48-48 48H48c-26.5 0-48-21.5-48-48V80c0-26.5 21.5-48 48-48h352c26.5 0 48 21.5 48 48zm-48 346V86c0-3.3-2.7-6-6-6H54c-3.3 0-6 2.7-6 6v340c0 3.3 2.7 6 6 6h340c3.3 0 6-2.7 6-6z\"><\/path><\/svg>\t\t\t<\/a>\n\t\t<\/div>\n\t\t\t\t\t\t<\/div>\n\t\t\t\t<\/div>\n\t\t\t\t<\/div>\n\t\t<div class=\"elementor-element elementor-element-341bd81 e-con-full e-flex e-con e-parent\" data-id=\"341bd81\" data-element_type=\"container\" data-e-type=\"container\">\n\t\t\t\t<div class=\"elementor-element elementor-element-2ef925f elementor-view-default elementor-widget elementor-widget-icon\" data-id=\"2ef925f\" data-element_type=\"widget\" data-e-type=\"widget\" data-widget_type=\"icon.default\">\n\t\t\t\t<div class=\"elementor-widget-container\">\n\t\t\t\t\t\t\t<div class=\"elementor-icon-wrapper\">\n\t\t\t<a class=\"elementor-icon\" href=\"https:\/\/tiendamarcial.com\/arnobysinam\/\">\n\t\t\t<svg aria-hidden=\"true\" class=\"e-font-icon-svg e-far-caret-square-right\" viewBox=\"0 0 448 512\" xmlns=\"http:\/\/www.w3.org\/2000\/svg\"><path d=\"M176 354.9V157.1c0-10.7 13-16.1 20.5-8.5l98.3 98.9c4.7 4.7 4.7 12.2 0 16.9l-98.3 98.9c-7.5 7.7-20.5 2.3-20.5-8.4zM448 80v352c0 26.5-21.5 48-48 48H48c-26.5 0-48-21.5-48-48V80c0-26.5 21.5-48 48-48h352c26.5 0 48 21.5 48 48zm-48 346V86c0-3.3-2.7-6-6-6H54c-3.3 0-6 2.7-6 6v340c0 3.3 2.7 6 6 6h340c3.3 0 6-2.7 6-6z\"><\/path><\/svg>\t\t\t<\/a>\n\t\t<\/div>\n\t\t\t\t\t\t<\/div>\n\t\t\t\t<\/div>\n\t\t\t\t<\/div>\n\t\t\t\t\t<\/div>\n\t\t\t\t<\/div>\n\t\t\t\t<\/div>\n\t\t","protected":false},"excerpt":{"rendered":"<p>Garant\u00eda de Satisfacci\u00f3n de 8 D\u00edas en Tienda Marcial: Compra con Total Confianza En Tienda Marcial, la satisfacci\u00f3n de nuestros clientes es nuestra m\u00e1xima prioridad. Creemos firmemente en la calidad y el valor de nuestros productos, y es por eso que ofrecemos una garant\u00eda de satisfacci\u00f3n por 8 d\u00edas en todas las compras que realices [&hellip;]<\/p>\n","protected":false},"author":1,"featured_media":1480,"parent":0,"menu_order":0,"comment_status":"closed","ping_status":"closed","template":"","meta":{"footnotes":""},"class_list":["post-157","page","type-page","status-publish","has-post-thumbnail","hentry"],"yoast_head":"<!-- This site is optimized with the Yoast SEO plugin v26.8 - https:\/\/yoast.com\/product\/yoast-seo-wordpress\/ -->\n<title>Garant\u00eda - Tienda Marcial Colombia<\/title>\n<meta name=\"robots\" content=\"index, follow, max-snippet:-1, max-image-preview:large, max-video-preview:-1\" \/>\n<link rel=\"canonical\" href=\"https:\/\/tiendamarcial.com\/arnobysinam\/garantia\/\" \/>\n<meta property=\"og:locale\" content=\"es_ES\" \/>\n<meta property=\"og:type\" content=\"article\" \/>\n<meta property=\"og:title\" content=\"Garant\u00eda - Tienda Marcial Colombia\" \/>\n<meta property=\"og:description\" content=\"Garant\u00eda de Satisfacci\u00f3n de 8 D\u00edas en Tienda Marcial: Compra con Total Confianza En Tienda Marcial, la satisfacci\u00f3n de nuestros clientes es nuestra m\u00e1xima prioridad. Creemos firmemente en la calidad y el valor de nuestros productos, y es por eso que ofrecemos una garant\u00eda de satisfacci\u00f3n por 8 d\u00edas en todas las compras que realices [&hellip;]\" \/>\n<meta property=\"og:url\" content=\"https:\/\/tiendamarcial.com\/arnobysinam\/garantia\/\" \/>\n<meta property=\"og:site_name\" content=\"Tienda Marcial Colombia\" \/>\n<meta property=\"article:publisher\" content=\"https:\/\/www.facebook.com\/TiendaMarcial\" \/>\n<meta property=\"article:modified_time\" content=\"2023-07-28T19:40:12+00:00\" \/>\n<meta property=\"og:image\" content=\"https:\/\/tiendamarcial.com\/arnobysinam\/wp-content\/uploads\/2023\/07\/4-garantia.png\" \/>\n\t<meta property=\"og:image:width\" content=\"350\" \/>\n\t<meta property=\"og:image:height\" content=\"130\" \/>\n\t<meta property=\"og:image:type\" content=\"image\/png\" \/>\n<meta name=\"twitter:card\" content=\"summary_large_image\" \/>\n<meta name=\"twitter:site\" content=\"@TiendaMarcial\" \/>\n<meta name=\"twitter:label1\" content=\"Tiempo de lectura\" \/>\n\t<meta name=\"twitter:data1\" content=\"3 minutos\" \/>\n<script type=\"application\/ld+json\" class=\"yoast-schema-graph\">{\"@context\":\"https:\/\/schema.org\",\"@graph\":[{\"@type\":\"WebPage\",\"@id\":\"https:\/\/tiendamarcial.com\/arnobysinam\/garantia\/\",\"url\":\"https:\/\/tiendamarcial.com\/arnobysinam\/garantia\/\",\"name\":\"Garant\u00eda - Tienda Marcial Colombia\",\"isPartOf\":{\"@id\":\"https:\/\/tiendamarcial.com\/arnobysinam\/#website\"},\"primaryImageOfPage\":{\"@id\":\"https:\/\/tiendamarcial.com\/arnobysinam\/garantia\/#primaryimage\"},\"image\":{\"@id\":\"https:\/\/tiendamarcial.com\/arnobysinam\/garantia\/#primaryimage\"},\"thumbnailUrl\":\"https:\/\/tiendamarcial.com\/arnobysinam\/wp-content\/uploads\/2023\/07\/4-garantia.png\",\"datePublished\":\"2023-06-22T03:22:07+00:00\",\"dateModified\":\"2023-07-28T19:40:12+00:00\",\"breadcrumb\":{\"@id\":\"https:\/\/tiendamarcial.com\/arnobysinam\/garantia\/#breadcrumb\"},\"inLanguage\":\"es\",\"potentialAction\":[{\"@type\":\"ReadAction\",\"target\":[\"https:\/\/tiendamarcial.com\/arnobysinam\/garantia\/\"]}]},{\"@type\":\"ImageObject\",\"inLanguage\":\"es\",\"@id\":\"https:\/\/tiendamarcial.com\/arnobysinam\/garantia\/#primaryimage\",\"url\":\"https:\/\/tiendamarcial.com\/arnobysinam\/wp-content\/uploads\/2023\/07\/4-garantia.png\",\"contentUrl\":\"https:\/\/tiendamarcial.com\/arnobysinam\/wp-content\/uploads\/2023\/07\/4-garantia.png\",\"width\":350,\"height\":130},{\"@type\":\"BreadcrumbList\",\"@id\":\"https:\/\/tiendamarcial.com\/arnobysinam\/garantia\/#breadcrumb\",\"itemListElement\":[{\"@type\":\"ListItem\",\"position\":1,\"name\":\"Portada\",\"item\":\"https:\/\/tiendamarcial.com\/arnobysinam\/\"},{\"@type\":\"ListItem\",\"position\":2,\"name\":\"Garant\u00eda\"}]},{\"@type\":\"WebSite\",\"@id\":\"https:\/\/tiendamarcial.com\/arnobysinam\/#website\",\"url\":\"https:\/\/tiendamarcial.com\/arnobysinam\/\",\"name\":\"Tienda Marcial Colombia\",\"description\":\"Todo en implementos para Artes Marciales\",\"potentialAction\":[{\"@type\":\"SearchAction\",\"target\":{\"@type\":\"EntryPoint\",\"urlTemplate\":\"https:\/\/tiendamarcial.com\/arnobysinam\/?s={search_term_string}\"},\"query-input\":{\"@type\":\"PropertyValueSpecification\",\"valueRequired\":true,\"valueName\":\"search_term_string\"}}],\"inLanguage\":\"es\"}]}<\/script>\n<!-- \/ Yoast SEO plugin. -->","yoast_head_json":{"title":"Garant\u00eda - Tienda Marcial Colombia","robots":{"index":"index","follow":"follow","max-snippet":"max-snippet:-1","max-image-preview":"max-image-preview:large","max-video-preview":"max-video-preview:-1"},"canonical":"https:\/\/tiendamarcial.com\/arnobysinam\/garantia\/","og_locale":"es_ES","og_type":"article","og_title":"Garant\u00eda - Tienda Marcial Colombia","og_description":"Garant\u00eda de Satisfacci\u00f3n de 8 D\u00edas en Tienda Marcial: Compra con Total Confianza En Tienda Marcial, la satisfacci\u00f3n de nuestros clientes es nuestra m\u00e1xima prioridad. Creemos firmemente en la calidad y el valor de nuestros productos, y es por eso que ofrecemos una garant\u00eda de satisfacci\u00f3n por 8 d\u00edas en todas las compras que realices [&hellip;]","og_url":"https:\/\/tiendamarcial.com\/arnobysinam\/garantia\/","og_site_name":"Tienda Marcial Colombia","article_publisher":"https:\/\/www.facebook.com\/TiendaMarcial","article_modified_time":"2023-07-28T19:40:12+00:00","og_image":[{"width":350,"height":130,"url":"https:\/\/tiendamarcial.com\/arnobysinam\/wp-content\/uploads\/2023\/07\/4-garantia.png","type":"image\/png"}],"twitter_card":"summary_large_image","twitter_site":"@TiendaMarcial","twitter_misc":{"Tiempo de lectura":"3 minutos"},"schema":{"@context":"https:\/\/schema.org","@graph":[{"@type":"WebPage","@id":"https:\/\/tiendamarcial.com\/arnobysinam\/garantia\/","url":"https:\/\/tiendamarcial.com\/arnobysinam\/garantia\/","name":"Garant\u00eda - Tienda Marcial Colombia","isPartOf":{"@id":"https:\/\/tiendamarcial.com\/arnobysinam\/#website"},"primaryImageOfPage":{"@id":"https:\/\/tiendamarcial.com\/arnobysinam\/garantia\/#primaryimage"},"image":{"@id":"https:\/\/tiendamarcial.com\/arnobysinam\/garantia\/#primaryimage"},"thumbnailUrl":"https:\/\/tiendamarcial.com\/arnobysinam\/wp-content\/uploads\/2023\/07\/4-garantia.png","datePublished":"2023-06-22T03:22:07+00:00","dateModified":"2023-07-28T19:40:12+00:00","breadcrumb":{"@id":"https:\/\/tiendamarcial.com\/arnobysinam\/garantia\/#breadcrumb"},"inLanguage":"es","potentialAction":[{"@type":"ReadAction","target":["https:\/\/tiendamarcial.com\/arnobysinam\/garantia\/"]}]},{"@type":"ImageObject","inLanguage":"es","@id":"https:\/\/tiendamarcial.com\/arnobysinam\/garantia\/#primaryimage","url":"https:\/\/tiendamarcial.com\/arnobysinam\/wp-content\/uploads\/2023\/07\/4-garantia.png","contentUrl":"https:\/\/tiendamarcial.com\/arnobysinam\/wp-content\/uploads\/2023\/07\/4-garantia.png","width":350,"height":130},{"@type":"BreadcrumbList","@id":"https:\/\/tiendamarcial.com\/arnobysinam\/garantia\/#breadcrumb","itemListElement":[{"@type":"ListItem","position":1,"name":"Portada","item":"https:\/\/tiendamarcial.com\/arnobysinam\/"},{"@type":"ListItem","position":2,"name":"Garant\u00eda"}]},{"@type":"WebSite","@id":"https:\/\/tiendamarcial.com\/arnobysinam\/#website","url":"https:\/\/tiendamarcial.com\/arnobysinam\/","name":"Tienda Marcial Colombia","description":"Todo en implementos para Artes Marciales","potentialAction":[{"@type":"SearchAction","target":{"@type":"EntryPoint","urlTemplate":"https:\/\/tiendamarcial.com\/arnobysinam\/?s={search_term_string}"},"query-input":{"@type":"PropertyValueSpecification","valueRequired":true,"valueName":"search_term_string"}}],"inLanguage":"es"}]}},"_links":{"self":[{"href":"https:\/\/tiendamarcial.com\/arnobysinam\/wp-json\/wp\/v2\/pages\/157","targetHints":{"allow":["GET"]}}],"collection":[{"href":"https:\/\/tiendamarcial.com\/arnobysinam\/wp-json\/wp\/v2\/pages"}],"about":[{"href":"https:\/\/tiendamarcial.com\/arnobysinam\/wp-json\/wp\/v2\/types\/page"}],"author":[{"embeddable":true,"href":"https:\/\/tiendamarcial.com\/arnobysinam\/wp-json\/wp\/v2\/users\/1"}],"replies":[{"embeddable":true,"href":"https:\/\/tiendamarcial.com\/arnobysinam\/wp-json\/wp\/v2\/comments?post=157"}],"version-history":[{"count":34,"href":"https:\/\/tiendamarcial.com\/arnobysinam\/wp-json\/wp\/v2\/pages\/157\/revisions"}],"predecessor-version":[{"id":1598,"href":"https:\/\/tiendamarcial.com\/arnobysinam\/wp-json\/wp\/v2\/pages\/157\/revisions\/1598"}],"wp:featuredmedia":[{"embeddable":true,"href":"https:\/\/tiendamarcial.com\/arnobysinam\/wp-json\/wp\/v2\/media\/1480"}],"wp:attachment":[{"href":"https:\/\/tiendamarcial.com\/arnobysinam\/wp-json\/wp\/v2\/media?parent=157"}],"curies":[{"name":"wp","href":"https:\/\/api.w.org\/{rel}","templated":true}]}}