{"id":1554,"date":"2023-07-28T18:15:20","date_gmt":"2023-07-28T18:15:20","guid":{"rendered":"https:\/\/tiendamarcial.com\/arnobysinam\/?page_id=1554"},"modified":"2026-02-27T12:33:42","modified_gmt":"2026-02-27T17:33:42","slug":"pagos","status":"publish","type":"page","link":"https:\/\/tiendamarcial.com\/arnobysinam\/pagos\/","title":{"rendered":"Pagos"},"content":{"rendered":"\t\t<div data-elementor-type=\"wp-page\" data-elementor-id=\"1554\" class=\"elementor elementor-1554\" data-elementor-post-type=\"page\">\n\t\t\t\t<div class=\"elementor-element elementor-element-e72dd3b e-flex e-con-boxed e-con e-parent\" data-id=\"e72dd3b\" data-element_type=\"container\" data-e-type=\"container\">\n\t\t\t\t\t<div class=\"e-con-inner\">\n\t\t\t\t<div class=\"elementor-element elementor-element-5f617fa elementor-widget elementor-widget-image\" data-id=\"5f617fa\" data-element_type=\"widget\" data-e-type=\"widget\" data-widget_type=\"image.default\">\n\t\t\t\t<div class=\"elementor-widget-container\">\n\t\t\t\t\t\t\t\t\t\t\t\t\t\t\t<img fetchpriority=\"high\" decoding=\"async\" width=\"1920\" height=\"600\" src=\"https:\/\/tiendamarcial.com\/arnobysinam\/wp-content\/uploads\/2023\/07\/Banner-pagos.png\" class=\"attachment-full size-full wp-image-1556\" alt=\"\" srcset=\"https:\/\/tiendamarcial.com\/arnobysinam\/wp-content\/uploads\/2023\/07\/Banner-pagos.png 1920w, https:\/\/tiendamarcial.com\/arnobysinam\/wp-content\/uploads\/2023\/07\/Banner-pagos-800x250.png 800w, https:\/\/tiendamarcial.com\/arnobysinam\/wp-content\/uploads\/2023\/07\/Banner-pagos-300x94.png 300w, https:\/\/tiendamarcial.com\/arnobysinam\/wp-content\/uploads\/2023\/07\/Banner-pagos-1024x320.png 1024w, https:\/\/tiendamarcial.com\/arnobysinam\/wp-content\/uploads\/2023\/07\/Banner-pagos-768x240.png 768w, https:\/\/tiendamarcial.com\/arnobysinam\/wp-content\/uploads\/2023\/07\/Banner-pagos-1536x480.png 1536w, https:\/\/tiendamarcial.com\/arnobysinam\/wp-content\/uploads\/2023\/07\/Banner-pagos-1320x413.png 1320w\" sizes=\"(max-width: 1920px) 100vw, 1920px\" \/>\t\t\t\t\t\t\t\t\t\t\t\t\t\t\t<\/div>\n\t\t\t\t<\/div>\n\t\t\t\t\t<\/div>\n\t\t\t\t<\/div>\n\t\t<div class=\"elementor-element elementor-element-39c11cd e-flex e-con-boxed e-con e-parent\" data-id=\"39c11cd\" data-element_type=\"container\" data-e-type=\"container\">\n\t\t\t\t\t<div class=\"e-con-inner\">\n\t\t\t\t<div class=\"elementor-element elementor-element-194289f elementor-widget elementor-widget-heading\" data-id=\"194289f\" data-element_type=\"widget\" data-e-type=\"widget\" data-widget_type=\"heading.default\">\n\t\t\t\t<div class=\"elementor-widget-container\">\n\t\t\t\t\t<h2 class=\"elementor-heading-title elementor-size-default\">Medios de Pago Seguros en Tienda Marcial: \u00a1Compra sin salir de casa!<\/h2>\t\t\t\t<\/div>\n\t\t\t\t<\/div>\n\t\t\t\t<div class=\"elementor-element elementor-element-df7458f elementor-widget elementor-widget-text-editor\" data-id=\"df7458f\" data-element_type=\"widget\" data-e-type=\"widget\" data-widget_type=\"text-editor.default\">\n\t\t\t\t<div class=\"elementor-widget-container\">\n\t\t\t\t\t\t\t\t\t<p>En <b>Tienda Marcial<\/b> queremos que tu experiencia de compra sea lo m\u00e1s c\u00f3moda y segura posible. Es por eso que ofrecemos diversas opciones de medios de pago para que puedas elegir la que mejor se adapte a tus necesidades. Nuestro compromiso es brindarte transacciones seguras y confiables en cada compra que realices en nuestra plataforma. A continuaci\u00f3n, te presentamos los medios de pago disponibles:<\/p><ol><li><b>Transferencia Bancaria a Davivienda:<\/b><\/li><\/ol><ul><li>Para aquellos clientes que prefieren realizar transferencias bancarias, ponemos a disposici\u00f3n la opci\u00f3n de pagar a trav\u00e9s del banco Davivienda. Al finalizar tu compra, recibir\u00e1s toda la informaci\u00f3n necesaria para completar la transferencia desde tu cuenta bancaria (cualquier banco). Es importante que conserves el comprobante de pago y lo env\u00edes a nuestro equipo de atenci\u00f3n al cliente para agilizar la verificaci\u00f3n de tu compra. Si el cliente realiza CONSIGNACI\u00d3N bancaria, asumir\u00e1 el costo de la comisi\u00f3n que el banco cobre.<\/li><\/ul><ol start=\"2\"><li><b>Transferencia a Nequi:<\/b><\/li><\/ol><ul><li>En Tienda Marcial, tambi\u00e9n entendemos la importancia de brindarte alternativas pr\u00e1cticas y modernas para realizar tus pagos. Por ello, hemos incluido la opci\u00f3n de pago mediante transferencias a trav\u00e9s de Nequi, una plataforma \u00e1gil y segura que te permite efectuar tus pagos desde tu dispositivo m\u00f3vil. Una vez finalices tu compra, recibir\u00e1s los datos necesarios para realizar la transferencia a trav\u00e9s de Nequi.<\/li><\/ul><ol start=\"3\"><li><b>Pago con Tarjetas de Cr\u00e9dito a trav\u00e9s de Mercado Pago:<\/b><\/li><\/ol><ul><li>Para ofrecerte mayor flexibilidad, aceptamos pagos con tarjetas de cr\u00e9dito a trav\u00e9s de la plataforma de Mercado Pago, propiedad de MercadoLibre. Esta opci\u00f3n te permite realizar pagos con tarjetas de cr\u00e9dito Visa, Mastercard, American Express y otras tarjetas reconocidas, brind\u00e1ndote la comodidad de realizar tu compra en l\u00ednea de manera r\u00e1pida y segura.<\/li><\/ul><ol start=\"4\"><li><b>Seguridad en Nuestra Web:<\/b><\/li><\/ol><ul style=\"font-size: 16px; background-color: #1d1c1c;\"><li>En Tienda Marcial, nos tomamos en serio la protecci\u00f3n de tus datos y la seguridad de tus transacciones. Nuestra p\u00e1gina web cuenta con el certificado SSL, el cual garantiza que toda la informaci\u00f3n que proporcionas durante el proceso de compra se encuentra encriptada y protegida. Esto significa que tus datos personales, detalles de pago y cualquier informaci\u00f3n sensible est\u00e1n resguardados contra accesos no autorizados.<\/li><\/ul><div><ol style=\"font-size: 16px; background-color: #1d1c1c;\" start=\"5\"><li style=\"font-size: 16px;\"><span style=\"font-weight: bold;\">PAGOS CONTRAENTREGA:<\/span><\/li><\/ol><ul style=\"font-size: 16px; background-color: #1d1c1c;\"><li style=\"font-size: 16px;\">No manejamos esta forma de pago para los productos (s\u00f3lo para el pago del env\u00edo), ya que cuando la tuvimos, la empresa encargada de la entrega hac\u00eda varias visitas al cliente y no lo encontraban ni dejaban el dinero para realizar el pago y terminaban las empresas devolviendo los pedidos, teniendo nosotros como empresa que pagar los costos de env\u00edo y devoluci\u00f3n de los pedidos. Comprar CONTRAENTREGA no da garant\u00edas de satisfacci\u00f3n de compra. Nosotros siempre hacemos los env\u00edos de la manera m\u00e1s \u00e1gil y oportuna para que nuestros clientes reciban sus pedidos en el menor tiempo posible.\u00a0<\/li><\/ul><div>\u00a0<\/div><\/div><p>En Tienda Marcial, nuestra prioridad es ofrecerte un proceso de compra confiable y seguro. Cada una de las opciones de pago que ponemos a tu disposici\u00f3n ha sido seleccionada cuidadosamente para brindarte la mejor experiencia posible. Adem\u00e1s, nuestro equipo de atenci\u00f3n al cliente est\u00e1 siempre disponible para ayudarte en caso de que tengas alguna duda o requerimiento adicional.<\/p><p>Agradecemos tu confianza al elegirnos como tu tienda de art\u00edculos para Artes Marciales y deportivos. Si tienes alguna pregunta sobre los medios de pago o necesitas asistencia en el proceso de compra, no dudes en contactarnos. \u00a1Estamos aqu\u00ed para brindarte el mejor servicio en cada paso del camino!<\/p><p>\u00a1Gracias por ser parte de <b>Tienda Marcial<\/b>!<\/p><p><strong>Medios de contacto:<\/strong><\/p><p><strong>M\u00f3vil:<\/strong> 318-521047 09<\/p><p><strong>Whatsapp:<\/strong> 318-521 47 09<\/p><p><strong>E-mail:<\/strong> info@TiendaMarcial.com<\/p>\t\t\t\t\t\t\t\t<\/div>\n\t\t\t\t<\/div>\n\t\t\t\t\t<\/div>\n\t\t\t\t<\/div>\n\t\t<div class=\"elementor-element elementor-element-95997e1 e-flex e-con-boxed e-con e-parent\" data-id=\"95997e1\" data-element_type=\"container\" data-e-type=\"container\">\n\t\t\t\t\t<div class=\"e-con-inner\">\n\t\t<div class=\"elementor-element elementor-element-a942ef0 e-con-full e-flex e-con e-child\" data-id=\"a942ef0\" data-element_type=\"container\" data-e-type=\"container\">\n\t\t\t\t<div class=\"elementor-element elementor-element-6f5eccf elementor-view-default elementor-widget elementor-widget-icon\" data-id=\"6f5eccf\" data-element_type=\"widget\" data-e-type=\"widget\" data-widget_type=\"icon.default\">\n\t\t\t\t<div class=\"elementor-widget-container\">\n\t\t\t\t\t\t\t<div class=\"elementor-icon-wrapper\">\n\t\t\t<a class=\"elementor-icon\" href=\"https:\/\/tiendamarcial.com\/arnobysinam\/index.php\/compras\/\">\n\t\t\t<svg aria-hidden=\"true\" class=\"e-font-icon-svg e-far-caret-square-left\" viewBox=\"0 0 448 512\" xmlns=\"http:\/\/www.w3.org\/2000\/svg\"><path d=\"M272 157.1v197.8c0 10.7-13 16.1-20.5 8.5l-98.3-98.9c-4.7-4.7-4.7-12.2 0-16.9l98.3-98.9c7.5-7.7 20.5-2.3 20.5 8.4zM448 80v352c0 26.5-21.5 48-48 48H48c-26.5 0-48-21.5-48-48V80c0-26.5 21.5-48 48-48h352c26.5 0 48 21.5 48 48zm-48 346V86c0-3.3-2.7-6-6-6H54c-3.3 0-6 2.7-6 6v340c0 3.3 2.7 6 6 6h340c3.3 0 6-2.7 6-6z\"><\/path><\/svg>\t\t\t<\/a>\n\t\t<\/div>\n\t\t\t\t\t\t<\/div>\n\t\t\t\t<\/div>\n\t\t\t\t<\/div>\n\t\t<div class=\"elementor-element elementor-element-341bd81 e-con-full e-flex e-con e-child\" data-id=\"341bd81\" data-element_type=\"container\" data-e-type=\"container\">\n\t\t\t\t<div class=\"elementor-element elementor-element-2ef925f elementor-view-default elementor-widget elementor-widget-icon\" data-id=\"2ef925f\" data-element_type=\"widget\" data-e-type=\"widget\" data-widget_type=\"icon.default\">\n\t\t\t\t<div class=\"elementor-widget-container\">\n\t\t\t\t\t\t\t<div class=\"elementor-icon-wrapper\">\n\t\t\t<a class=\"elementor-icon\" href=\"https:\/\/tiendamarcial.com\/arnobysinam\/index.php\/envios\/\">\n\t\t\t<svg aria-hidden=\"true\" class=\"e-font-icon-svg e-far-caret-square-right\" viewBox=\"0 0 448 512\" xmlns=\"http:\/\/www.w3.org\/2000\/svg\"><path d=\"M176 354.9V157.1c0-10.7 13-16.1 20.5-8.5l98.3 98.9c4.7 4.7 4.7 12.2 0 16.9l-98.3 98.9c-7.5 7.7-20.5 2.3-20.5-8.4zM448 80v352c0 26.5-21.5 48-48 48H48c-26.5 0-48-21.5-48-48V80c0-26.5 21.5-48 48-48h352c26.5 0 48 21.5 48 48zm-48 346V86c0-3.3-2.7-6-6-6H54c-3.3 0-6 2.7-6 6v340c0 3.3 2.7 6 6 6h340c3.3 0 6-2.7 6-6z\"><\/path><\/svg>\t\t\t<\/a>\n\t\t<\/div>\n\t\t\t\t\t\t<\/div>\n\t\t\t\t<\/div>\n\t\t\t\t<\/div>\n\t\t\t\t\t<\/div>\n\t\t\t\t<\/div>\n\t\t\t\t<\/div>\n\t\t","protected":false},"excerpt":{"rendered":"<p>Medios de Pago Seguros en Tienda Marcial: \u00a1Compra sin salir de casa! En Tienda Marcial queremos que tu experiencia de compra sea lo m\u00e1s c\u00f3moda y segura posible. Es por eso que ofrecemos diversas opciones de medios de pago para que puedas elegir la que mejor se adapte a tus necesidades. Nuestro compromiso es brindarte [&hellip;]<\/p>\n","protected":false},"author":1,"featured_media":1480,"parent":0,"menu_order":0,"comment_status":"closed","ping_status":"closed","template":"","meta":{"footnotes":""},"class_list":["post-1554","page","type-page","status-publish","has-post-thumbnail","hentry"],"yoast_head":"<!-- This site is optimized with the Yoast SEO plugin v26.8 - https:\/\/yoast.com\/product\/yoast-seo-wordpress\/ -->\n<title>Pagos - Tienda Marcial Colombia<\/title>\n<meta name=\"robots\" content=\"index, follow, max-snippet:-1, max-image-preview:large, max-video-preview:-1\" \/>\n<link rel=\"canonical\" href=\"https:\/\/tiendamarcial.com\/arnobysinam\/pagos\/\" \/>\n<meta property=\"og:locale\" content=\"es_ES\" \/>\n<meta property=\"og:type\" content=\"article\" \/>\n<meta property=\"og:title\" content=\"Pagos - Tienda Marcial Colombia\" \/>\n<meta property=\"og:description\" content=\"Medios de Pago Seguros en Tienda Marcial: \u00a1Compra sin salir de casa! En Tienda Marcial queremos que tu experiencia de compra sea lo m\u00e1s c\u00f3moda y segura posible. Es por eso que ofrecemos diversas opciones de medios de pago para que puedas elegir la que mejor se adapte a tus necesidades. Nuestro compromiso es brindarte [&hellip;]\" \/>\n<meta property=\"og:url\" content=\"https:\/\/tiendamarcial.com\/arnobysinam\/pagos\/\" \/>\n<meta property=\"og:site_name\" content=\"Tienda Marcial Colombia\" \/>\n<meta property=\"article:publisher\" content=\"https:\/\/www.facebook.com\/TiendaMarcial\" \/>\n<meta property=\"article:modified_time\" content=\"2026-02-27T17:33:42+00:00\" \/>\n<meta property=\"og:image\" content=\"https:\/\/tiendamarcial.com\/arnobysinam\/wp-content\/uploads\/2023\/07\/4-garantia.png\" \/>\n\t<meta property=\"og:image:width\" content=\"350\" \/>\n\t<meta property=\"og:image:height\" content=\"130\" \/>\n\t<meta property=\"og:image:type\" content=\"image\/png\" \/>\n<meta name=\"twitter:card\" content=\"summary_large_image\" \/>\n<meta name=\"twitter:site\" content=\"@TiendaMarcial\" \/>\n<meta name=\"twitter:label1\" content=\"Tiempo de lectura\" \/>\n\t<meta name=\"twitter:data1\" content=\"3 minutos\" \/>\n<script type=\"application\/ld+json\" class=\"yoast-schema-graph\">{\"@context\":\"https:\/\/schema.org\",\"@graph\":[{\"@type\":\"WebPage\",\"@id\":\"https:\/\/tiendamarcial.com\/arnobysinam\/pagos\/\",\"url\":\"https:\/\/tiendamarcial.com\/arnobysinam\/pagos\/\",\"name\":\"Pagos - Tienda Marcial Colombia\",\"isPartOf\":{\"@id\":\"https:\/\/tiendamarcial.com\/arnobysinam\/#website\"},\"primaryImageOfPage\":{\"@id\":\"https:\/\/tiendamarcial.com\/arnobysinam\/pagos\/#primaryimage\"},\"image\":{\"@id\":\"https:\/\/tiendamarcial.com\/arnobysinam\/pagos\/#primaryimage\"},\"thumbnailUrl\":\"https:\/\/tiendamarcial.com\/arnobysinam\/wp-content\/uploads\/2023\/07\/4-garantia.png\",\"datePublished\":\"2023-07-28T18:15:20+00:00\",\"dateModified\":\"2026-02-27T17:33:42+00:00\",\"breadcrumb\":{\"@id\":\"https:\/\/tiendamarcial.com\/arnobysinam\/pagos\/#breadcrumb\"},\"inLanguage\":\"es\",\"potentialAction\":[{\"@type\":\"ReadAction\",\"target\":[\"https:\/\/tiendamarcial.com\/arnobysinam\/pagos\/\"]}]},{\"@type\":\"ImageObject\",\"inLanguage\":\"es\",\"@id\":\"https:\/\/tiendamarcial.com\/arnobysinam\/pagos\/#primaryimage\",\"url\":\"https:\/\/tiendamarcial.com\/arnobysinam\/wp-content\/uploads\/2023\/07\/4-garantia.png\",\"contentUrl\":\"https:\/\/tiendamarcial.com\/arnobysinam\/wp-content\/uploads\/2023\/07\/4-garantia.png\",\"width\":350,\"height\":130},{\"@type\":\"BreadcrumbList\",\"@id\":\"https:\/\/tiendamarcial.com\/arnobysinam\/pagos\/#breadcrumb\",\"itemListElement\":[{\"@type\":\"ListItem\",\"position\":1,\"name\":\"Portada\",\"item\":\"https:\/\/tiendamarcial.com\/arnobysinam\/\"},{\"@type\":\"ListItem\",\"position\":2,\"name\":\"Pagos\"}]},{\"@type\":\"WebSite\",\"@id\":\"https:\/\/tiendamarcial.com\/arnobysinam\/#website\",\"url\":\"https:\/\/tiendamarcial.com\/arnobysinam\/\",\"name\":\"Tienda Marcial Colombia\",\"description\":\"Todo en implementos para Artes Marciales\",\"potentialAction\":[{\"@type\":\"SearchAction\",\"target\":{\"@type\":\"EntryPoint\",\"urlTemplate\":\"https:\/\/tiendamarcial.com\/arnobysinam\/?s={search_term_string}\"},\"query-input\":{\"@type\":\"PropertyValueSpecification\",\"valueRequired\":true,\"valueName\":\"search_term_string\"}}],\"inLanguage\":\"es\"}]}<\/script>\n<!-- \/ Yoast SEO plugin. -->","yoast_head_json":{"title":"Pagos - Tienda Marcial Colombia","robots":{"index":"index","follow":"follow","max-snippet":"max-snippet:-1","max-image-preview":"max-image-preview:large","max-video-preview":"max-video-preview:-1"},"canonical":"https:\/\/tiendamarcial.com\/arnobysinam\/pagos\/","og_locale":"es_ES","og_type":"article","og_title":"Pagos - Tienda Marcial Colombia","og_description":"Medios de Pago Seguros en Tienda Marcial: \u00a1Compra sin salir de casa! En Tienda Marcial queremos que tu experiencia de compra sea lo m\u00e1s c\u00f3moda y segura posible. Es por eso que ofrecemos diversas opciones de medios de pago para que puedas elegir la que mejor se adapte a tus necesidades. Nuestro compromiso es brindarte [&hellip;]","og_url":"https:\/\/tiendamarcial.com\/arnobysinam\/pagos\/","og_site_name":"Tienda Marcial Colombia","article_publisher":"https:\/\/www.facebook.com\/TiendaMarcial","article_modified_time":"2026-02-27T17:33:42+00:00","og_image":[{"width":350,"height":130,"url":"https:\/\/tiendamarcial.com\/arnobysinam\/wp-content\/uploads\/2023\/07\/4-garantia.png","type":"image\/png"}],"twitter_card":"summary_large_image","twitter_site":"@TiendaMarcial","twitter_misc":{"Tiempo de lectura":"3 minutos"},"schema":{"@context":"https:\/\/schema.org","@graph":[{"@type":"WebPage","@id":"https:\/\/tiendamarcial.com\/arnobysinam\/pagos\/","url":"https:\/\/tiendamarcial.com\/arnobysinam\/pagos\/","name":"Pagos - Tienda Marcial Colombia","isPartOf":{"@id":"https:\/\/tiendamarcial.com\/arnobysinam\/#website"},"primaryImageOfPage":{"@id":"https:\/\/tiendamarcial.com\/arnobysinam\/pagos\/#primaryimage"},"image":{"@id":"https:\/\/tiendamarcial.com\/arnobysinam\/pagos\/#primaryimage"},"thumbnailUrl":"https:\/\/tiendamarcial.com\/arnobysinam\/wp-content\/uploads\/2023\/07\/4-garantia.png","datePublished":"2023-07-28T18:15:20+00:00","dateModified":"2026-02-27T17:33:42+00:00","breadcrumb":{"@id":"https:\/\/tiendamarcial.com\/arnobysinam\/pagos\/#breadcrumb"},"inLanguage":"es","potentialAction":[{"@type":"ReadAction","target":["https:\/\/tiendamarcial.com\/arnobysinam\/pagos\/"]}]},{"@type":"ImageObject","inLanguage":"es","@id":"https:\/\/tiendamarcial.com\/arnobysinam\/pagos\/#primaryimage","url":"https:\/\/tiendamarcial.com\/arnobysinam\/wp-content\/uploads\/2023\/07\/4-garantia.png","contentUrl":"https:\/\/tiendamarcial.com\/arnobysinam\/wp-content\/uploads\/2023\/07\/4-garantia.png","width":350,"height":130},{"@type":"BreadcrumbList","@id":"https:\/\/tiendamarcial.com\/arnobysinam\/pagos\/#breadcrumb","itemListElement":[{"@type":"ListItem","position":1,"name":"Portada","item":"https:\/\/tiendamarcial.com\/arnobysinam\/"},{"@type":"ListItem","position":2,"name":"Pagos"}]},{"@type":"WebSite","@id":"https:\/\/tiendamarcial.com\/arnobysinam\/#website","url":"https:\/\/tiendamarcial.com\/arnobysinam\/","name":"Tienda Marcial Colombia","description":"Todo en implementos para Artes Marciales","potentialAction":[{"@type":"SearchAction","target":{"@type":"EntryPoint","urlTemplate":"https:\/\/tiendamarcial.com\/arnobysinam\/?s={search_term_string}"},"query-input":{"@type":"PropertyValueSpecification","valueRequired":true,"valueName":"search_term_string"}}],"inLanguage":"es"}]}},"_links":{"self":[{"href":"https:\/\/tiendamarcial.com\/arnobysinam\/wp-json\/wp\/v2\/pages\/1554","targetHints":{"allow":["GET"]}}],"collection":[{"href":"https:\/\/tiendamarcial.com\/arnobysinam\/wp-json\/wp\/v2\/pages"}],"about":[{"href":"https:\/\/tiendamarcial.com\/arnobysinam\/wp-json\/wp\/v2\/types\/page"}],"author":[{"embeddable":true,"href":"https:\/\/tiendamarcial.com\/arnobysinam\/wp-json\/wp\/v2\/users\/1"}],"replies":[{"embeddable":true,"href":"https:\/\/tiendamarcial.com\/arnobysinam\/wp-json\/wp\/v2\/comments?post=1554"}],"version-history":[{"count":16,"href":"https:\/\/tiendamarcial.com\/arnobysinam\/wp-json\/wp\/v2\/pages\/1554\/revisions"}],"predecessor-version":[{"id":8384,"href":"https:\/\/tiendamarcial.com\/arnobysinam\/wp-json\/wp\/v2\/pages\/1554\/revisions\/8384"}],"wp:featuredmedia":[{"embeddable":true,"href":"https:\/\/tiendamarcial.com\/arnobysinam\/wp-json\/wp\/v2\/media\/1480"}],"wp:attachment":[{"href":"https:\/\/tiendamarcial.com\/arnobysinam\/wp-json\/wp\/v2\/media?parent=1554"}],"curies":[{"name":"wp","href":"https:\/\/api.w.org\/{rel}","templated":true}]}}